{"id":312963,"date":"2022-09-15T11:53:25","date_gmt":"2022-09-15T14:53:25","guid":{"rendered":"https:\/\/www.fasta.org\/?post_type=jurisdicciones&#038;p=312963"},"modified":"2024-04-12T12:19:38","modified_gmt":"2024-04-12T15:19:38","slug":"tucuman","status":"publish","type":"jurisdicciones","link":"https:\/\/www.fasta.org\/pt-br\/jurisdicciones\/tucuman\/","title":{"rendered":"Fasta Tucum\u00e1n"},"excerpt":{"rendered":"<p>La Jurisdicci\u00f3n Fasta Tucum\u00e1n se origina en el a\u00f1o 1971, cuando se funda el Ruca Ayll\u00fa. Actualmente, la Jurisdicci\u00f3n cuenta con tres Rucas Juveniles, dos colegios y la Agrupaci\u00f3n Mayor&#8230;<\/p>\n","protected":false},"featured_media":0,"parent":0,"template":"","ubicaciones":[100,70,80],"class_list":["post-312963","jurisdicciones","type-jurisdicciones","status-publish","hentry","ubicaciones-america","ubicaciones-argentina","ubicaciones-region-norte"],"acf":[],"yoast_head":"<!-- This site is optimized with the Yoast SEO plugin v27.4 - https:\/\/yoast.com\/product\/yoast-seo-wordpress\/ -->\n<title>Fasta Tucum\u00e1n<\/title>\n<meta name=\"robots\" content=\"index, follow, max-snippet:-1, max-image-preview:large, max-video-preview:-1\" \/>\n<link rel=\"canonical\" href=\"https:\/\/www.fasta.org\/pt-br\/jurisdicciones\/tucuman\/\" \/>\n<meta property=\"og:locale\" content=\"pt_BR\" \/>\n<meta property=\"og:type\" content=\"article\" \/>\n<meta property=\"og:title\" content=\"Fasta Tucum\u00e1n\" \/>\n<meta property=\"og:description\" content=\"La Jurisdicci\u00f3n Fasta Tucum\u00e1n se origina en el a\u00f1o 1971, cuando se funda el Ruca Ayll\u00fa. Actualmente, la Jurisdicci\u00f3n cuenta con tres Rucas Juveniles, dos colegios y la Agrupaci\u00f3n Mayor...\" \/>\n<meta property=\"og:url\" content=\"https:\/\/www.fasta.org\/pt-br\/jurisdicciones\/tucuman\/\" \/>\n<meta property=\"og:site_name\" content=\"Fasta\" \/>\n<meta property=\"article:publisher\" content=\"https:\/\/www.facebook.com\/MovimientoFasta\" \/>\n<meta property=\"article:modified_time\" content=\"2024-04-12T15:19:38+00:00\" \/>\n<meta name=\"twitter:card\" content=\"summary_large_image\" \/>\n<meta name=\"twitter:label1\" content=\"Est. tempo de leitura\" \/>\n\t<meta name=\"twitter:data1\" content=\"2 minutos\" \/>\n<script type=\"application\/ld+json\" class=\"yoast-schema-graph\">{\"@context\":\"https:\\\/\\\/schema.org\",\"@graph\":[{\"@type\":\"WebPage\",\"@id\":\"https:\\\/\\\/www.fasta.org\\\/pt-br\\\/jurisdicciones\\\/tucuman\\\/\",\"url\":\"https:\\\/\\\/www.fasta.org\\\/pt-br\\\/jurisdicciones\\\/tucuman\\\/\",\"name\":\"Fasta Tucum\u00e1n\",\"isPartOf\":{\"@id\":\"https:\\\/\\\/www.fasta.org\\\/pt-br\\\/#website\"},\"datePublished\":\"2022-09-15T14:53:25+00:00\",\"dateModified\":\"2024-04-12T15:19:38+00:00\",\"breadcrumb\":{\"@id\":\"https:\\\/\\\/www.fasta.org\\\/pt-br\\\/jurisdicciones\\\/tucuman\\\/#breadcrumb\"},\"inLanguage\":\"pt-BR\",\"potentialAction\":[{\"@type\":\"ReadAction\",\"target\":[\"https:\\\/\\\/www.fasta.org\\\/pt-br\\\/jurisdicciones\\\/tucuman\\\/\"]}]},{\"@type\":\"BreadcrumbList\",\"@id\":\"https:\\\/\\\/www.fasta.org\\\/pt-br\\\/jurisdicciones\\\/tucuman\\\/#breadcrumb\",\"itemListElement\":[{\"@type\":\"ListItem\",\"position\":1,\"name\":\"Portada\",\"item\":\"https:\\\/\\\/www.fasta.org\\\/pt-br\\\/\"},{\"@type\":\"ListItem\",\"position\":2,\"name\":\"Jurisdicciones\",\"item\":\"https:\\\/\\\/www.fasta.org\\\/pt-br\\\/jurisdicciones\\\/\"},{\"@type\":\"ListItem\",\"position\":3,\"name\":\"Fasta Tucum\u00e1n\"}]},{\"@type\":\"WebSite\",\"@id\":\"https:\\\/\\\/www.fasta.org\\\/pt-br\\\/#website\",\"url\":\"https:\\\/\\\/www.fasta.org\\\/pt-br\\\/\",\"name\":\"Fasta\",\"description\":\"Fraternidad de Agrupaciones Santo Tom\u00e1s de Aquino\",\"publisher\":{\"@id\":\"https:\\\/\\\/www.fasta.org\\\/pt-br\\\/#organization\"},\"potentialAction\":[{\"@type\":\"SearchAction\",\"target\":{\"@type\":\"EntryPoint\",\"urlTemplate\":\"https:\\\/\\\/www.fasta.org\\\/pt-br\\\/?s={search_term_string}\"},\"query-input\":{\"@type\":\"PropertyValueSpecification\",\"valueRequired\":true,\"valueName\":\"search_term_string\"}}],\"inLanguage\":\"pt-BR\"},{\"@type\":\"Organization\",\"@id\":\"https:\\\/\\\/www.fasta.org\\\/pt-br\\\/#organization\",\"name\":\"Fasta\",\"url\":\"https:\\\/\\\/www.fasta.org\\\/pt-br\\\/\",\"logo\":{\"@type\":\"ImageObject\",\"inLanguage\":\"pt-BR\",\"@id\":\"https:\\\/\\\/www.fasta.org\\\/pt-br\\\/#\\\/schema\\\/logo\\\/image\\\/\",\"url\":\"https:\\\/\\\/www.fasta.org\\\/wp-content\\\/uploads\\\/2021\\\/08\\\/Marca-Fasta.png\",\"contentUrl\":\"https:\\\/\\\/www.fasta.org\\\/wp-content\\\/uploads\\\/2021\\\/08\\\/Marca-Fasta.png\",\"width\":1595,\"height\":644,\"caption\":\"Fasta\"},\"image\":{\"@id\":\"https:\\\/\\\/www.fasta.org\\\/pt-br\\\/#\\\/schema\\\/logo\\\/image\\\/\"},\"sameAs\":[\"https:\\\/\\\/www.facebook.com\\\/MovimientoFasta\"]}]}<\/script>\n<!-- \/ Yoast SEO plugin. -->","yoast_head_json":{"title":"Fasta Tucum\u00e1n","robots":{"index":"index","follow":"follow","max-snippet":"max-snippet:-1","max-image-preview":"max-image-preview:large","max-video-preview":"max-video-preview:-1"},"canonical":"https:\/\/www.fasta.org\/pt-br\/jurisdicciones\/tucuman\/","og_locale":"pt_BR","og_type":"article","og_title":"Fasta Tucum\u00e1n","og_description":"La Jurisdicci\u00f3n Fasta Tucum\u00e1n se origina en el a\u00f1o 1971, cuando se funda el Ruca Ayll\u00fa. Actualmente, la Jurisdicci\u00f3n cuenta con tres Rucas Juveniles, dos colegios y la Agrupaci\u00f3n Mayor...","og_url":"https:\/\/www.fasta.org\/pt-br\/jurisdicciones\/tucuman\/","og_site_name":"Fasta","article_publisher":"https:\/\/www.facebook.com\/MovimientoFasta","article_modified_time":"2024-04-12T15:19:38+00:00","twitter_card":"summary_large_image","twitter_misc":{"Est. tempo de leitura":"2 minutos"},"schema":{"@context":"https:\/\/schema.org","@graph":[{"@type":"WebPage","@id":"https:\/\/www.fasta.org\/pt-br\/jurisdicciones\/tucuman\/","url":"https:\/\/www.fasta.org\/pt-br\/jurisdicciones\/tucuman\/","name":"Fasta Tucum\u00e1n","isPartOf":{"@id":"https:\/\/www.fasta.org\/pt-br\/#website"},"datePublished":"2022-09-15T14:53:25+00:00","dateModified":"2024-04-12T15:19:38+00:00","breadcrumb":{"@id":"https:\/\/www.fasta.org\/pt-br\/jurisdicciones\/tucuman\/#breadcrumb"},"inLanguage":"pt-BR","potentialAction":[{"@type":"ReadAction","target":["https:\/\/www.fasta.org\/pt-br\/jurisdicciones\/tucuman\/"]}]},{"@type":"BreadcrumbList","@id":"https:\/\/www.fasta.org\/pt-br\/jurisdicciones\/tucuman\/#breadcrumb","itemListElement":[{"@type":"ListItem","position":1,"name":"Portada","item":"https:\/\/www.fasta.org\/pt-br\/"},{"@type":"ListItem","position":2,"name":"Jurisdicciones","item":"https:\/\/www.fasta.org\/pt-br\/jurisdicciones\/"},{"@type":"ListItem","position":3,"name":"Fasta Tucum\u00e1n"}]},{"@type":"WebSite","@id":"https:\/\/www.fasta.org\/pt-br\/#website","url":"https:\/\/www.fasta.org\/pt-br\/","name":"Fasta","description":"Fraternidad de Agrupaciones Santo Tom\u00e1s de Aquino","publisher":{"@id":"https:\/\/www.fasta.org\/pt-br\/#organization"},"potentialAction":[{"@type":"SearchAction","target":{"@type":"EntryPoint","urlTemplate":"https:\/\/www.fasta.org\/pt-br\/?s={search_term_string}"},"query-input":{"@type":"PropertyValueSpecification","valueRequired":true,"valueName":"search_term_string"}}],"inLanguage":"pt-BR"},{"@type":"Organization","@id":"https:\/\/www.fasta.org\/pt-br\/#organization","name":"Fasta","url":"https:\/\/www.fasta.org\/pt-br\/","logo":{"@type":"ImageObject","inLanguage":"pt-BR","@id":"https:\/\/www.fasta.org\/pt-br\/#\/schema\/logo\/image\/","url":"https:\/\/www.fasta.org\/wp-content\/uploads\/2021\/08\/Marca-Fasta.png","contentUrl":"https:\/\/www.fasta.org\/wp-content\/uploads\/2021\/08\/Marca-Fasta.png","width":1595,"height":644,"caption":"Fasta"},"image":{"@id":"https:\/\/www.fasta.org\/pt-br\/#\/schema\/logo\/image\/"},"sameAs":["https:\/\/www.facebook.com\/MovimientoFasta"]}]}},"_links":{"self":[{"href":"https:\/\/www.fasta.org\/pt-br\/wp-json\/wp\/v2\/jurisdicciones\/312963","targetHints":{"allow":["GET"]}}],"collection":[{"href":"https:\/\/www.fasta.org\/pt-br\/wp-json\/wp\/v2\/jurisdicciones"}],"about":[{"href":"https:\/\/www.fasta.org\/pt-br\/wp-json\/wp\/v2\/types\/jurisdicciones"}],"version-history":[{"count":11,"href":"https:\/\/www.fasta.org\/pt-br\/wp-json\/wp\/v2\/jurisdicciones\/312963\/revisions"}],"predecessor-version":[{"id":1071999,"href":"https:\/\/www.fasta.org\/pt-br\/wp-json\/wp\/v2\/jurisdicciones\/312963\/revisions\/1071999"}],"wp:attachment":[{"href":"https:\/\/www.fasta.org\/pt-br\/wp-json\/wp\/v2\/media?parent=312963"}],"wp:term":[{"taxonomy":"ubicaciones","embeddable":true,"href":"https:\/\/www.fasta.org\/pt-br\/wp-json\/wp\/v2\/ubicaciones?post=312963"}],"curies":[{"name":"wp","href":"https:\/\/api.w.org\/{rel}","templated":true}]}}

Fasta Tucumán

<p>La Jurisdicción Fasta Tucumán se origina en el año 1971, cuando se funda el Ruca Ayllú. Actualmente, la Jurisdicción cuenta con tres Rucas Juveniles, dos colegios y la Agrupación Mayor&#8230;</p>

<!-- This site is optimized with the Yoast SEO plugin v27.4 - https://yoast.com/product/yoast-seo-wordpress/ -->
<title>Fasta Tucumán</title>
<meta name="robots" content="index, follow, max-snippet:-1, max-image-preview:large, max-video-preview:-1" />
<link rel="canonical" href="https://www.fasta.org/pt-br/jurisdicciones/tucuman/" />
<meta property="og:locale" content="pt_BR" />
<meta property="og:type" content="article" />
<meta property="og:title" content="Fasta Tucumán" />
<meta property="og:description" content="La Jurisdicción Fasta Tucumán se origina en el año 1971, cuando se funda el Ruca Ayllú. Actualmente, la Jurisdicción cuenta con tres Rucas Juveniles, dos colegios y la Agrupación Mayor..." />
<meta property="og:url" content="https://www.fasta.org/pt-br/jurisdicciones/tucuman/" />
<meta property="og:site_name" content="Fasta" />
<meta property="article:publisher" content="https://www.facebook.com/MovimientoFasta" />
<meta property="article:modified_time" content="2024-04-12T15:19:38+00:00" />
<meta name="twitter:card" content="summary_large_image" />
<meta name="twitter:label1" content="Est. tempo de leitura" />
	<meta name="twitter:data1" content="2 minutos" />
<script type="application/ld+json" class="yoast-schema-graph">{"@context":"https:\/\/schema.org","@graph":[{"@type":"WebPage","@id":"https:\/\/www.fasta.org\/pt-br\/jurisdicciones\/tucuman\/","url":"https:\/\/www.fasta.org\/pt-br\/jurisdicciones\/tucuman\/","name":"Fasta Tucumán","isPartOf":{"@id":"https:\/\/www.fasta.org\/pt-br\/#website"},"datePublished":"2022-09-15T14:53:25+00:00","dateModified":"2024-04-12T15:19:38+00:00","breadcrumb":{"@id":"https:\/\/www.fasta.org\/pt-br\/jurisdicciones\/tucuman\/#breadcrumb"},"inLanguage":"pt-BR","potentialAction":[{"@type":"ReadAction","target":["https:\/\/www.fasta.org\/pt-br\/jurisdicciones\/tucuman\/"]}]},{"@type":"BreadcrumbList","@id":"https:\/\/www.fasta.org\/pt-br\/jurisdicciones\/tucuman\/#breadcrumb","itemListElement":[{"@type":"ListItem","position":1,"name":"Portada","item":"https:\/\/www.fasta.org\/pt-br\/"},{"@type":"ListItem","position":2,"name":"Jurisdicciones","item":"https:\/\/www.fasta.org\/pt-br\/jurisdicciones\/"},{"@type":"ListItem","position":3,"name":"Fasta Tucumán"}]},{"@type":"WebSite","@id":"https:\/\/www.fasta.org\/pt-br\/#website","url":"https:\/\/www.fasta.org\/pt-br\/","name":"Fasta","description":"Fraternidad de Agrupaciones Santo Tomás de Aquino","publisher":{"@id":"https:\/\/www.fasta.org\/pt-br\/#organization"},"potentialAction":[{"@type":"SearchAction","target":{"@type":"EntryPoint","urlTemplate":"https:\/\/www.fasta.org\/pt-br\/?s={search_term_string}"},"query-input":{"@type":"PropertyValueSpecification","valueRequired":true,"valueName":"search_term_string"}}],"inLanguage":"pt-BR"},{"@type":"Organization","@id":"https:\/\/www.fasta.org\/pt-br\/#organization","name":"Fasta","url":"https:\/\/www.fasta.org\/pt-br\/","logo":{"@type":"ImageObject","inLanguage":"pt-BR","@id":"https:\/\/www.fasta.org\/pt-br\/#\/schema\/logo\/image\/","url":"https:\/\/www.fasta.org\/wp-content\/uploads\/2021\/08\/Marca-Fasta.png","contentUrl":"https:\/\/www.fasta.org\/wp-content\/uploads\/2021\/08\/Marca-Fasta.png","width":1595,"height":644,"caption":"Fasta"},"image":{"@id":"https:\/\/www.fasta.org\/pt-br\/#\/schema\/logo\/image\/"},"sameAs":["https:\/\/www.facebook.com\/MovimientoFasta"]}]}</script>
<!-- / Yoast SEO plugin. -->

La Jurisdicción Fasta Tucumán se origina en el año 1971, cuando se funda el Ruca Ayllú. Actualmente, la Jurisdicción cuenta con tres Rucas Juveniles, dos colegios y la Agrupación Mayor...

Fraternidad de Agrupaciones Santo Tomás de Aquino
