{"version":"1.0","provider_name":"Fasta","provider_url":"https:\/\/www.fasta.org\/pt-br\/","author_name":"Manuela Canzobre","author_url":"https:\/\/www.fasta.org\/pt-br\/","title":"Sembradores de Paz - Fasta","type":"rich","width":600,"height":338,"html":"<blockquote class=\"wp-embedded-content\" data-secret=\"1O83v7U1S9\"><a href=\"https:\/\/www.fasta.org\/pt-br\/noticias\/sembradores-de-paz\/\">Sembradores de Paz<\/a><\/blockquote><iframe sandbox=\"allow-scripts\" security=\"restricted\" src=\"https:\/\/www.fasta.org\/pt-br\/noticias\/sembradores-de-paz\/embed\/#?secret=1O83v7U1S9\" width=\"600\" height=\"338\" title=\"&#8220;Sembradores de Paz&#8221; &#8212; Fasta\" data-secret=\"1O83v7U1S9\" frameborder=\"0\" marginwidth=\"0\" marginheight=\"0\" scrolling=\"no\" class=\"wp-embedded-content\"><\/iframe><script>\n\/*! This file is auto-generated *\/\n!function(d,l){\"use strict\";l.querySelector&&d.addEventListener&&\"undefined\"!=typeof URL&&(d.wp=d.wp||{},d.wp.receiveEmbedMessage||(d.wp.receiveEmbedMessage=function(e){var t=e.data;if((t||t.secret||t.message||t.value)&&!\/[^a-zA-Z0-9]\/.test(t.secret)){for(var s,r,n,a=l.querySelectorAll('iframe[data-secret=\"'+t.secret+'\"]'),o=l.querySelectorAll('blockquote[data-secret=\"'+t.secret+'\"]'),c=new RegExp(\"^https?:$\",\"i\"),i=0;i<o.length;i++)o[i].style.display=\"none\";for(i=0;i<a.length;i++)s=a[i],e.source===s.contentWindow&&(s.removeAttribute(\"style\"),\"height\"===t.message?(1e3<(r=parseInt(t.value,10))?r=1e3:~~r<200&&(r=200),s.height=r):\"link\"===t.message&&(r=new URL(s.getAttribute(\"src\")),n=new URL(t.value),c.test(n.protocol))&&n.host===r.host&&l.activeElement===s&&(d.top.location.href=t.value))}},d.addEventListener(\"message\",d.wp.receiveEmbedMessage,!1),l.addEventListener(\"DOMContentLoaded\",function(){for(var e,t,s=l.querySelectorAll(\"iframe.wp-embedded-content\"),r=0;r<s.length;r++)(t=(e=s[r]).getAttribute(\"data-secret\"))||(t=Math.random().toString(36).substring(2,12),e.src+=\"#?secret=\"+t,e.setAttribute(\"data-secret\",t)),e.contentWindow.postMessage({message:\"ready\",secret:t},\"*\")},!1)))}(window,document);\n\/\/# sourceURL=https:\/\/www.fasta.org\/wp-includes\/js\/wp-embed.min.js\n<\/script>\n","thumbnail_url":"https:\/\/www.fasta.org\/wp-content\/uploads\/2025\/05\/cuidado_nota-1.webp","thumbnail_width":1501,"thumbnail_height":901,"description":"Promover y trabajar por una cultura del cuidado ha ido ganando atenci\u00f3n en las necesidades educativas de los colegios. Las caracter\u00edsticas culturales reclaman que las escuelas deban asumir con mayor especificidad esta l\u00ednea formativa para la conformaci\u00f3n de ambientes sanos que propicien realmente la formaci\u00f3n humana integral de ni\u00f1os y j\u00f3venes.&nbsp; Tal es el caso [&hellip;]"}

Promover y trabajar por una cultura del cuidado ha ido ganando atención en las necesidades educativas de los colegios. Las características culturales reclaman que las escuelas deban asumir con mayor especificidad esta línea formativa para la conformación de ambientes sanos que propicien realmente la formación humana integral de niños y jóvenes.&nbsp; Tal es el caso [&hellip;]
