{"id":294180,"date":"2022-09-09T15:42:06","date_gmt":"2022-09-09T18:42:06","guid":{"rendered":"https:\/\/www.fasta.org\/?post_type=jurisdicciones&#038;p=294180"},"modified":"2024-03-21T13:08:53","modified_gmt":"2024-03-21T16:08:53","slug":"salta","status":"publish","type":"jurisdicciones","link":"https:\/\/www.fasta.org\/fr\/jurisdicciones\/salta\/","title":{"rendered":"Fundaci\u00f3n Salta"},"excerpt":{"rendered":"<p>Fasta en Salta se funda en el a\u00f1o 2004, bajo los pies del Se\u00f1or y la Virgen del Milagro gracias a milicianos de Tucum\u00e1n, Jujuy, Catamarca y otras provincias&#8230;<\/p>\n","protected":false},"featured_media":0,"parent":0,"template":"","ubicaciones":[100,70,80],"class_list":["post-294180","jurisdicciones","type-jurisdicciones","status-publish","hentry","ubicaciones-america","ubicaciones-argentina","ubicaciones-region-norte"],"acf":[],"yoast_head":"<!-- This site is optimized with the Yoast SEO plugin v27.4 - https:\/\/yoast.com\/product\/yoast-seo-wordpress\/ -->\n<title>Fundaci\u00f3n Salta<\/title>\n<meta name=\"robots\" content=\"index, follow, max-snippet:-1, max-image-preview:large, max-video-preview:-1\" \/>\n<link rel=\"canonical\" href=\"https:\/\/www.fasta.org\/fr\/jurisdicciones\/salta\/\" \/>\n<meta property=\"og:locale\" content=\"fr_FR\" \/>\n<meta property=\"og:type\" content=\"article\" \/>\n<meta property=\"og:title\" content=\"Fundaci\u00f3n Salta\" \/>\n<meta property=\"og:description\" content=\"Fasta en Salta se funda en el a\u00f1o 2004, bajo los pies del Se\u00f1or y la Virgen del Milagro gracias a milicianos de Tucum\u00e1n, Jujuy, Catamarca y otras provincias...\" \/>\n<meta property=\"og:url\" content=\"https:\/\/www.fasta.org\/fr\/jurisdicciones\/salta\/\" \/>\n<meta property=\"og:site_name\" content=\"Fasta\" \/>\n<meta property=\"article:publisher\" content=\"https:\/\/www.facebook.com\/MovimientoFasta\" \/>\n<meta property=\"article:modified_time\" content=\"2024-03-21T16:08:53+00:00\" \/>\n<meta name=\"twitter:card\" content=\"summary_large_image\" \/>\n<meta name=\"twitter:label1\" content=\"Dur\u00e9e de lecture estim\u00e9e\" \/>\n\t<meta name=\"twitter:data1\" content=\"3 minutes\" \/>\n<script type=\"application\/ld+json\" class=\"yoast-schema-graph\">{\"@context\":\"https:\\\/\\\/schema.org\",\"@graph\":[{\"@type\":\"WebPage\",\"@id\":\"https:\\\/\\\/www.fasta.org\\\/fr\\\/jurisdicciones\\\/salta\\\/\",\"url\":\"https:\\\/\\\/www.fasta.org\\\/fr\\\/jurisdicciones\\\/salta\\\/\",\"name\":\"Fundaci\u00f3n Salta\",\"isPartOf\":{\"@id\":\"https:\\\/\\\/www.fasta.org\\\/fr\\\/#website\"},\"datePublished\":\"2022-09-09T18:42:06+00:00\",\"dateModified\":\"2024-03-21T16:08:53+00:00\",\"breadcrumb\":{\"@id\":\"https:\\\/\\\/www.fasta.org\\\/fr\\\/jurisdicciones\\\/salta\\\/#breadcrumb\"},\"inLanguage\":\"fr-FR\",\"potentialAction\":[{\"@type\":\"ReadAction\",\"target\":[\"https:\\\/\\\/www.fasta.org\\\/fr\\\/jurisdicciones\\\/salta\\\/\"]}]},{\"@type\":\"BreadcrumbList\",\"@id\":\"https:\\\/\\\/www.fasta.org\\\/fr\\\/jurisdicciones\\\/salta\\\/#breadcrumb\",\"itemListElement\":[{\"@type\":\"ListItem\",\"position\":1,\"name\":\"Portada\",\"item\":\"https:\\\/\\\/www.fasta.org\\\/fr\\\/\"},{\"@type\":\"ListItem\",\"position\":2,\"name\":\"Jurisdicciones\",\"item\":\"https:\\\/\\\/www.fasta.org\\\/fr\\\/jurisdicciones\\\/\"},{\"@type\":\"ListItem\",\"position\":3,\"name\":\"Fundaci\u00f3n Salta\"}]},{\"@type\":\"WebSite\",\"@id\":\"https:\\\/\\\/www.fasta.org\\\/fr\\\/#website\",\"url\":\"https:\\\/\\\/www.fasta.org\\\/fr\\\/\",\"name\":\"Fasta\",\"description\":\"Fraternidad de Agrupaciones Santo Tom\u00e1s de Aquino\",\"publisher\":{\"@id\":\"https:\\\/\\\/www.fasta.org\\\/fr\\\/#organization\"},\"potentialAction\":[{\"@type\":\"SearchAction\",\"target\":{\"@type\":\"EntryPoint\",\"urlTemplate\":\"https:\\\/\\\/www.fasta.org\\\/fr\\\/?s={search_term_string}\"},\"query-input\":{\"@type\":\"PropertyValueSpecification\",\"valueRequired\":true,\"valueName\":\"search_term_string\"}}],\"inLanguage\":\"fr-FR\"},{\"@type\":\"Organization\",\"@id\":\"https:\\\/\\\/www.fasta.org\\\/fr\\\/#organization\",\"name\":\"Fasta\",\"url\":\"https:\\\/\\\/www.fasta.org\\\/fr\\\/\",\"logo\":{\"@type\":\"ImageObject\",\"inLanguage\":\"fr-FR\",\"@id\":\"https:\\\/\\\/www.fasta.org\\\/fr\\\/#\\\/schema\\\/logo\\\/image\\\/\",\"url\":\"https:\\\/\\\/www.fasta.org\\\/wp-content\\\/uploads\\\/2021\\\/08\\\/Marca-Fasta.png\",\"contentUrl\":\"https:\\\/\\\/www.fasta.org\\\/wp-content\\\/uploads\\\/2021\\\/08\\\/Marca-Fasta.png\",\"width\":1595,\"height\":644,\"caption\":\"Fasta\"},\"image\":{\"@id\":\"https:\\\/\\\/www.fasta.org\\\/fr\\\/#\\\/schema\\\/logo\\\/image\\\/\"},\"sameAs\":[\"https:\\\/\\\/www.facebook.com\\\/MovimientoFasta\"]}]}<\/script>\n<!-- \/ Yoast SEO plugin. -->","yoast_head_json":{"title":"Fundaci\u00f3n Salta","robots":{"index":"index","follow":"follow","max-snippet":"max-snippet:-1","max-image-preview":"max-image-preview:large","max-video-preview":"max-video-preview:-1"},"canonical":"https:\/\/www.fasta.org\/fr\/jurisdicciones\/salta\/","og_locale":"fr_FR","og_type":"article","og_title":"Fundaci\u00f3n Salta","og_description":"Fasta en Salta se funda en el a\u00f1o 2004, bajo los pies del Se\u00f1or y la Virgen del Milagro gracias a milicianos de Tucum\u00e1n, Jujuy, Catamarca y otras provincias...","og_url":"https:\/\/www.fasta.org\/fr\/jurisdicciones\/salta\/","og_site_name":"Fasta","article_publisher":"https:\/\/www.facebook.com\/MovimientoFasta","article_modified_time":"2024-03-21T16:08:53+00:00","twitter_card":"summary_large_image","twitter_misc":{"Dur\u00e9e de lecture estim\u00e9e":"3 minutes"},"schema":{"@context":"https:\/\/schema.org","@graph":[{"@type":"WebPage","@id":"https:\/\/www.fasta.org\/fr\/jurisdicciones\/salta\/","url":"https:\/\/www.fasta.org\/fr\/jurisdicciones\/salta\/","name":"Fundaci\u00f3n Salta","isPartOf":{"@id":"https:\/\/www.fasta.org\/fr\/#website"},"datePublished":"2022-09-09T18:42:06+00:00","dateModified":"2024-03-21T16:08:53+00:00","breadcrumb":{"@id":"https:\/\/www.fasta.org\/fr\/jurisdicciones\/salta\/#breadcrumb"},"inLanguage":"fr-FR","potentialAction":[{"@type":"ReadAction","target":["https:\/\/www.fasta.org\/fr\/jurisdicciones\/salta\/"]}]},{"@type":"BreadcrumbList","@id":"https:\/\/www.fasta.org\/fr\/jurisdicciones\/salta\/#breadcrumb","itemListElement":[{"@type":"ListItem","position":1,"name":"Portada","item":"https:\/\/www.fasta.org\/fr\/"},{"@type":"ListItem","position":2,"name":"Jurisdicciones","item":"https:\/\/www.fasta.org\/fr\/jurisdicciones\/"},{"@type":"ListItem","position":3,"name":"Fundaci\u00f3n Salta"}]},{"@type":"WebSite","@id":"https:\/\/www.fasta.org\/fr\/#website","url":"https:\/\/www.fasta.org\/fr\/","name":"Fasta","description":"Fraternidad de Agrupaciones Santo Tom\u00e1s de Aquino","publisher":{"@id":"https:\/\/www.fasta.org\/fr\/#organization"},"potentialAction":[{"@type":"SearchAction","target":{"@type":"EntryPoint","urlTemplate":"https:\/\/www.fasta.org\/fr\/?s={search_term_string}"},"query-input":{"@type":"PropertyValueSpecification","valueRequired":true,"valueName":"search_term_string"}}],"inLanguage":"fr-FR"},{"@type":"Organization","@id":"https:\/\/www.fasta.org\/fr\/#organization","name":"Fasta","url":"https:\/\/www.fasta.org\/fr\/","logo":{"@type":"ImageObject","inLanguage":"fr-FR","@id":"https:\/\/www.fasta.org\/fr\/#\/schema\/logo\/image\/","url":"https:\/\/www.fasta.org\/wp-content\/uploads\/2021\/08\/Marca-Fasta.png","contentUrl":"https:\/\/www.fasta.org\/wp-content\/uploads\/2021\/08\/Marca-Fasta.png","width":1595,"height":644,"caption":"Fasta"},"image":{"@id":"https:\/\/www.fasta.org\/fr\/#\/schema\/logo\/image\/"},"sameAs":["https:\/\/www.facebook.com\/MovimientoFasta"]}]}},"_links":{"self":[{"href":"https:\/\/www.fasta.org\/fr\/wp-json\/wp\/v2\/jurisdicciones\/294180","targetHints":{"allow":["GET"]}}],"collection":[{"href":"https:\/\/www.fasta.org\/fr\/wp-json\/wp\/v2\/jurisdicciones"}],"about":[{"href":"https:\/\/www.fasta.org\/fr\/wp-json\/wp\/v2\/types\/jurisdicciones"}],"version-history":[{"count":8,"href":"https:\/\/www.fasta.org\/fr\/wp-json\/wp\/v2\/jurisdicciones\/294180\/revisions"}],"predecessor-version":[{"id":1048546,"href":"https:\/\/www.fasta.org\/fr\/wp-json\/wp\/v2\/jurisdicciones\/294180\/revisions\/1048546"}],"wp:attachment":[{"href":"https:\/\/www.fasta.org\/fr\/wp-json\/wp\/v2\/media?parent=294180"}],"wp:term":[{"taxonomy":"ubicaciones","embeddable":true,"href":"https:\/\/www.fasta.org\/fr\/wp-json\/wp\/v2\/ubicaciones?post=294180"}],"curies":[{"name":"wp","href":"https:\/\/api.w.org\/{rel}","templated":true}]}}

Fundación Salta

<p>Fasta en Salta se funda en el año 2004, bajo los pies del Señor y la Virgen del Milagro gracias a milicianos de Tucumán, Jujuy, Catamarca y otras provincias&#8230;</p>

<!-- This site is optimized with the Yoast SEO plugin v27.4 - https://yoast.com/product/yoast-seo-wordpress/ -->
<title>Fundación Salta</title>
<meta name="robots" content="index, follow, max-snippet:-1, max-image-preview:large, max-video-preview:-1" />
<link rel="canonical" href="https://www.fasta.org/fr/jurisdicciones/salta/" />
<meta property="og:locale" content="fr_FR" />
<meta property="og:type" content="article" />
<meta property="og:title" content="Fundación Salta" />
<meta property="og:description" content="Fasta en Salta se funda en el año 2004, bajo los pies del Señor y la Virgen del Milagro gracias a milicianos de Tucumán, Jujuy, Catamarca y otras provincias..." />
<meta property="og:url" content="https://www.fasta.org/fr/jurisdicciones/salta/" />
<meta property="og:site_name" content="Fasta" />
<meta property="article:publisher" content="https://www.facebook.com/MovimientoFasta" />
<meta property="article:modified_time" content="2024-03-21T16:08:53+00:00" />
<meta name="twitter:card" content="summary_large_image" />
<meta name="twitter:label1" content="Durée de lecture estimée" />
	<meta name="twitter:data1" content="3 minutes" />
<script type="application/ld+json" class="yoast-schema-graph">{"@context":"https:\/\/schema.org","@graph":[{"@type":"WebPage","@id":"https:\/\/www.fasta.org\/fr\/jurisdicciones\/salta\/","url":"https:\/\/www.fasta.org\/fr\/jurisdicciones\/salta\/","name":"Fundación Salta","isPartOf":{"@id":"https:\/\/www.fasta.org\/fr\/#website"},"datePublished":"2022-09-09T18:42:06+00:00","dateModified":"2024-03-21T16:08:53+00:00","breadcrumb":{"@id":"https:\/\/www.fasta.org\/fr\/jurisdicciones\/salta\/#breadcrumb"},"inLanguage":"fr-FR","potentialAction":[{"@type":"ReadAction","target":["https:\/\/www.fasta.org\/fr\/jurisdicciones\/salta\/"]}]},{"@type":"BreadcrumbList","@id":"https:\/\/www.fasta.org\/fr\/jurisdicciones\/salta\/#breadcrumb","itemListElement":[{"@type":"ListItem","position":1,"name":"Portada","item":"https:\/\/www.fasta.org\/fr\/"},{"@type":"ListItem","position":2,"name":"Jurisdicciones","item":"https:\/\/www.fasta.org\/fr\/jurisdicciones\/"},{"@type":"ListItem","position":3,"name":"Fundación Salta"}]},{"@type":"WebSite","@id":"https:\/\/www.fasta.org\/fr\/#website","url":"https:\/\/www.fasta.org\/fr\/","name":"Fasta","description":"Fraternidad de Agrupaciones Santo Tomás de Aquino","publisher":{"@id":"https:\/\/www.fasta.org\/fr\/#organization"},"potentialAction":[{"@type":"SearchAction","target":{"@type":"EntryPoint","urlTemplate":"https:\/\/www.fasta.org\/fr\/?s={search_term_string}"},"query-input":{"@type":"PropertyValueSpecification","valueRequired":true,"valueName":"search_term_string"}}],"inLanguage":"fr-FR"},{"@type":"Organization","@id":"https:\/\/www.fasta.org\/fr\/#organization","name":"Fasta","url":"https:\/\/www.fasta.org\/fr\/","logo":{"@type":"ImageObject","inLanguage":"fr-FR","@id":"https:\/\/www.fasta.org\/fr\/#\/schema\/logo\/image\/","url":"https:\/\/www.fasta.org\/wp-content\/uploads\/2021\/08\/Marca-Fasta.png","contentUrl":"https:\/\/www.fasta.org\/wp-content\/uploads\/2021\/08\/Marca-Fasta.png","width":1595,"height":644,"caption":"Fasta"},"image":{"@id":"https:\/\/www.fasta.org\/fr\/#\/schema\/logo\/image\/"},"sameAs":["https:\/\/www.facebook.com\/MovimientoFasta"]}]}</script>
<!-- / Yoast SEO plugin. -->

Fasta en Salta se funda en el año 2004, bajo los pies del Señor y la Virgen del Milagro gracias a milicianos de Tucumán, Jujuy, Catamarca y otras provincias...

Fraternidad de Agrupaciones Santo Tomás de Aquino
