{"id":722362,"date":"2023-06-21T10:36:10","date_gmt":"2023-06-21T13:36:10","guid":{"rendered":"https:\/\/www.fasta.org\/?post_type=contenido&#038;p=722362"},"modified":"2023-06-23T14:06:38","modified_gmt":"2023-06-23T17:06:38","slug":"suplica","status":"publish","type":"contenido","link":"https:\/\/www.fasta.org\/fr\/contenido\/suplica\/","title":{"rendered":"S\u00faplica"},"content":{"rendered":"\n<p><em>S\u00faplica<\/em>, es una poes\u00eda escrita por el Padre Fosbery en la cual describe sus sentimientos en el postrer momento de su vida. En ella, se ve reflejada su voluntad de seguir en su misi\u00f3n pero que ya su cuerpo no lo acompa\u00f1a como antes. Es all\u00ed donde el autor se hace la pregunta: <em>\u00bfC\u00f3mo seguirte, Se\u00f1or?<\/em>\u00a0\u00a0\u00a0\u00a0<\/p>\n\n\n\n<p>La poes\u00eda es due\u00f1a de una belleza espiritual \u00fanica y es muy sentida por todos los que pudimos acompa\u00f1arlo en ese momento en su San Mart\u00edn de los Andes querido. Agradezco a Dios por haber compartido esos bellos momentos y por haber sido parte de \u201clas juntadas\u201d a escuchar los Camba Poror\u00f3. \u00a1Se te extra\u00f1a Cura! Estar\u00e1s siempre en nuestro coraz\u00f3n.<\/p>\n\n\n\n<p>\u00bfC\u00f3mo surge la idea de ponerle m\u00fasica a su escrito? Esa tarde del 5 de mayo del 2022, cuando nos enteramos de la triste noticia de su fallecimiento sentimos una gran pena y con mis hijos y mi marido comenzamos a leer sus an\u00e9cdotas y sus poes\u00edas.&nbsp;<\/p>\n\n\n\n<p>Especialmente estas l\u00edneas me llen\u00f3 el alma y la compart\u00ed en mi estado de WhatsApp y con algunos amigos. Uno de ellos, Diego Vicentini, profesor en el colegio Fasta Miguel \u00c1ngel Tobares, me cuenta a la ma\u00f1ana siguiente que despert\u00f3 en la madrugada cantando la poes\u00eda que yo le hab\u00eda compartido. Se levant\u00f3 y la escribi\u00f3. Al mediod\u00eda nos juntamos con \u00e9l y mi hija Agustina y grabamos el audio muy casero que comparto a continuaci\u00f3n.<\/p>\n\n\n\n<p>Cada vez que la cantamos, nos genera un sentimiento mezcla de alegr\u00eda y tristeza y realmente se transforma en oraci\u00f3n.<\/p>\n\n\n\n<p>Deseamos de coraz\u00f3n que llegue a toda esta hermosa Ciudad y que puedan, tambi\u00e9n, rezar con ella.<\/p>\n\n\n\n<p>Les mandamos un abrazo.<\/p>\n\n\n\n<p>\u00a1A tus \u00f3rdenes!<\/p>\n","protected":false},"excerpt":{"rendered":"<p>S\u00faplica, es una poes\u00eda escrita por el Padre Fosbery en la cual describe sus sentimientos en el postrer momento de su vida. En ella, se ve reflejada su voluntad de seguir en su misi\u00f3n pero que ya su cuerpo no lo acompa\u00f1a como antes. Es all\u00ed donde el autor se hace la pregunta: \u00bfC\u00f3mo seguirte, [&hellip;]<\/p>\n","protected":false},"featured_media":724725,"template":"","tipo-contenido":[94],"historial":[91],"class_list":["post-722362","contenido","type-contenido","status-publish","has-post-thumbnail","hentry","tipo-contenido-musica","historial-destacado"],"acf":[],"yoast_head":"<!-- This site is optimized with the Yoast SEO plugin v27.4 - https:\/\/yoast.com\/product\/yoast-seo-wordpress\/ -->\n<title>S\u00faplica - Fasta<\/title>\n<meta name=\"robots\" content=\"index, follow, max-snippet:-1, max-image-preview:large, max-video-preview:-1\" \/>\n<link rel=\"canonical\" href=\"https:\/\/www.fasta.org\/fr\/contenido\/suplica\/\" \/>\n<meta property=\"og:locale\" content=\"fr_FR\" \/>\n<meta property=\"og:type\" content=\"article\" \/>\n<meta property=\"og:title\" content=\"S\u00faplica - Fasta\" \/>\n<meta property=\"og:description\" content=\"S\u00faplica, es una poes\u00eda escrita por el Padre Fosbery en la cual describe sus sentimientos en el postrer momento de su vida. En ella, se ve reflejada su voluntad de seguir en su misi\u00f3n pero que ya su cuerpo no lo acompa\u00f1a como antes. Es all\u00ed donde el autor se hace la pregunta: \u00bfC\u00f3mo seguirte, [&hellip;]\" \/>\n<meta property=\"og:url\" content=\"https:\/\/www.fasta.org\/fr\/contenido\/suplica\/\" \/>\n<meta property=\"og:site_name\" content=\"Fasta\" \/>\n<meta property=\"article:publisher\" content=\"https:\/\/www.facebook.com\/MovimientoFasta\" \/>\n<meta property=\"article:modified_time\" content=\"2023-06-23T17:06:38+00:00\" \/>\n<meta property=\"og:image\" content=\"https:\/\/www.fasta.org\/wp-content\/uploads\/2023\/06\/poesia-suplica.png\" \/>\n\t<meta property=\"og:image:width\" content=\"1589\" \/>\n\t<meta property=\"og:image:height\" content=\"1589\" \/>\n\t<meta property=\"og:image:type\" content=\"image\/png\" \/>\n<meta name=\"twitter:card\" content=\"summary_large_image\" \/>\n<meta name=\"twitter:label1\" content=\"Dur\u00e9e de lecture estim\u00e9e\" \/>\n\t<meta name=\"twitter:data1\" content=\"2 minutes\" \/>\n<script type=\"application\/ld+json\" class=\"yoast-schema-graph\">{\"@context\":\"https:\\\/\\\/schema.org\",\"@graph\":[{\"@type\":\"WebPage\",\"@id\":\"https:\\\/\\\/www.fasta.org\\\/fr\\\/contenido\\\/suplica\\\/\",\"url\":\"https:\\\/\\\/www.fasta.org\\\/fr\\\/contenido\\\/suplica\\\/\",\"name\":\"S\u00faplica - Fasta\",\"isPartOf\":{\"@id\":\"https:\\\/\\\/www.fasta.org\\\/fr\\\/#website\"},\"primaryImageOfPage\":{\"@id\":\"https:\\\/\\\/www.fasta.org\\\/fr\\\/contenido\\\/suplica\\\/#primaryimage\"},\"image\":{\"@id\":\"https:\\\/\\\/www.fasta.org\\\/fr\\\/contenido\\\/suplica\\\/#primaryimage\"},\"thumbnailUrl\":\"https:\\\/\\\/www.fasta.org\\\/wp-content\\\/uploads\\\/2023\\\/06\\\/poesia-suplica.png\",\"datePublished\":\"2023-06-21T13:36:10+00:00\",\"dateModified\":\"2023-06-23T17:06:38+00:00\",\"breadcrumb\":{\"@id\":\"https:\\\/\\\/www.fasta.org\\\/fr\\\/contenido\\\/suplica\\\/#breadcrumb\"},\"inLanguage\":\"fr-FR\",\"potentialAction\":[{\"@type\":\"ReadAction\",\"target\":[\"https:\\\/\\\/www.fasta.org\\\/fr\\\/contenido\\\/suplica\\\/\"]}]},{\"@type\":\"ImageObject\",\"inLanguage\":\"fr-FR\",\"@id\":\"https:\\\/\\\/www.fasta.org\\\/fr\\\/contenido\\\/suplica\\\/#primaryimage\",\"url\":\"https:\\\/\\\/www.fasta.org\\\/wp-content\\\/uploads\\\/2023\\\/06\\\/poesia-suplica.png\",\"contentUrl\":\"https:\\\/\\\/www.fasta.org\\\/wp-content\\\/uploads\\\/2023\\\/06\\\/poesia-suplica.png\",\"width\":1589,\"height\":1589},{\"@type\":\"BreadcrumbList\",\"@id\":\"https:\\\/\\\/www.fasta.org\\\/fr\\\/contenido\\\/suplica\\\/#breadcrumb\",\"itemListElement\":[{\"@type\":\"ListItem\",\"position\":1,\"name\":\"Portada\",\"item\":\"https:\\\/\\\/www.fasta.org\\\/fr\\\/\"},{\"@type\":\"ListItem\",\"position\":2,\"name\":\"Contenido\",\"item\":\"https:\\\/\\\/www.fasta.org\\\/fr\\\/contenido\\\/\"},{\"@type\":\"ListItem\",\"position\":3,\"name\":\"S\u00faplica\"}]},{\"@type\":\"WebSite\",\"@id\":\"https:\\\/\\\/www.fasta.org\\\/fr\\\/#website\",\"url\":\"https:\\\/\\\/www.fasta.org\\\/fr\\\/\",\"name\":\"Fasta\",\"description\":\"Fraternidad de Agrupaciones Santo Tom\u00e1s de Aquino\",\"publisher\":{\"@id\":\"https:\\\/\\\/www.fasta.org\\\/fr\\\/#organization\"},\"potentialAction\":[{\"@type\":\"SearchAction\",\"target\":{\"@type\":\"EntryPoint\",\"urlTemplate\":\"https:\\\/\\\/www.fasta.org\\\/fr\\\/?s={search_term_string}\"},\"query-input\":{\"@type\":\"PropertyValueSpecification\",\"valueRequired\":true,\"valueName\":\"search_term_string\"}}],\"inLanguage\":\"fr-FR\"},{\"@type\":\"Organization\",\"@id\":\"https:\\\/\\\/www.fasta.org\\\/fr\\\/#organization\",\"name\":\"Fasta\",\"url\":\"https:\\\/\\\/www.fasta.org\\\/fr\\\/\",\"logo\":{\"@type\":\"ImageObject\",\"inLanguage\":\"fr-FR\",\"@id\":\"https:\\\/\\\/www.fasta.org\\\/fr\\\/#\\\/schema\\\/logo\\\/image\\\/\",\"url\":\"https:\\\/\\\/www.fasta.org\\\/wp-content\\\/uploads\\\/2021\\\/08\\\/Marca-Fasta.png\",\"contentUrl\":\"https:\\\/\\\/www.fasta.org\\\/wp-content\\\/uploads\\\/2021\\\/08\\\/Marca-Fasta.png\",\"width\":1595,\"height\":644,\"caption\":\"Fasta\"},\"image\":{\"@id\":\"https:\\\/\\\/www.fasta.org\\\/fr\\\/#\\\/schema\\\/logo\\\/image\\\/\"},\"sameAs\":[\"https:\\\/\\\/www.facebook.com\\\/MovimientoFasta\"]}]}<\/script>\n<!-- \/ Yoast SEO plugin. -->","yoast_head_json":{"title":"S\u00faplica - Fasta","robots":{"index":"index","follow":"follow","max-snippet":"max-snippet:-1","max-image-preview":"max-image-preview:large","max-video-preview":"max-video-preview:-1"},"canonical":"https:\/\/www.fasta.org\/fr\/contenido\/suplica\/","og_locale":"fr_FR","og_type":"article","og_title":"S\u00faplica - Fasta","og_description":"S\u00faplica, es una poes\u00eda escrita por el Padre Fosbery en la cual describe sus sentimientos en el postrer momento de su vida. En ella, se ve reflejada su voluntad de seguir en su misi\u00f3n pero que ya su cuerpo no lo acompa\u00f1a como antes. Es all\u00ed donde el autor se hace la pregunta: \u00bfC\u00f3mo seguirte, [&hellip;]","og_url":"https:\/\/www.fasta.org\/fr\/contenido\/suplica\/","og_site_name":"Fasta","article_publisher":"https:\/\/www.facebook.com\/MovimientoFasta","article_modified_time":"2023-06-23T17:06:38+00:00","og_image":[{"width":1589,"height":1589,"url":"https:\/\/www.fasta.org\/wp-content\/uploads\/2023\/06\/poesia-suplica.png","type":"image\/png"}],"twitter_card":"summary_large_image","twitter_misc":{"Dur\u00e9e de lecture estim\u00e9e":"2 minutes"},"schema":{"@context":"https:\/\/schema.org","@graph":[{"@type":"WebPage","@id":"https:\/\/www.fasta.org\/fr\/contenido\/suplica\/","url":"https:\/\/www.fasta.org\/fr\/contenido\/suplica\/","name":"S\u00faplica - Fasta","isPartOf":{"@id":"https:\/\/www.fasta.org\/fr\/#website"},"primaryImageOfPage":{"@id":"https:\/\/www.fasta.org\/fr\/contenido\/suplica\/#primaryimage"},"image":{"@id":"https:\/\/www.fasta.org\/fr\/contenido\/suplica\/#primaryimage"},"thumbnailUrl":"https:\/\/www.fasta.org\/wp-content\/uploads\/2023\/06\/poesia-suplica.png","datePublished":"2023-06-21T13:36:10+00:00","dateModified":"2023-06-23T17:06:38+00:00","breadcrumb":{"@id":"https:\/\/www.fasta.org\/fr\/contenido\/suplica\/#breadcrumb"},"inLanguage":"fr-FR","potentialAction":[{"@type":"ReadAction","target":["https:\/\/www.fasta.org\/fr\/contenido\/suplica\/"]}]},{"@type":"ImageObject","inLanguage":"fr-FR","@id":"https:\/\/www.fasta.org\/fr\/contenido\/suplica\/#primaryimage","url":"https:\/\/www.fasta.org\/wp-content\/uploads\/2023\/06\/poesia-suplica.png","contentUrl":"https:\/\/www.fasta.org\/wp-content\/uploads\/2023\/06\/poesia-suplica.png","width":1589,"height":1589},{"@type":"BreadcrumbList","@id":"https:\/\/www.fasta.org\/fr\/contenido\/suplica\/#breadcrumb","itemListElement":[{"@type":"ListItem","position":1,"name":"Portada","item":"https:\/\/www.fasta.org\/fr\/"},{"@type":"ListItem","position":2,"name":"Contenido","item":"https:\/\/www.fasta.org\/fr\/contenido\/"},{"@type":"ListItem","position":3,"name":"S\u00faplica"}]},{"@type":"WebSite","@id":"https:\/\/www.fasta.org\/fr\/#website","url":"https:\/\/www.fasta.org\/fr\/","name":"Fasta","description":"Fraternidad de Agrupaciones Santo Tom\u00e1s de Aquino","publisher":{"@id":"https:\/\/www.fasta.org\/fr\/#organization"},"potentialAction":[{"@type":"SearchAction","target":{"@type":"EntryPoint","urlTemplate":"https:\/\/www.fasta.org\/fr\/?s={search_term_string}"},"query-input":{"@type":"PropertyValueSpecification","valueRequired":true,"valueName":"search_term_string"}}],"inLanguage":"fr-FR"},{"@type":"Organization","@id":"https:\/\/www.fasta.org\/fr\/#organization","name":"Fasta","url":"https:\/\/www.fasta.org\/fr\/","logo":{"@type":"ImageObject","inLanguage":"fr-FR","@id":"https:\/\/www.fasta.org\/fr\/#\/schema\/logo\/image\/","url":"https:\/\/www.fasta.org\/wp-content\/uploads\/2021\/08\/Marca-Fasta.png","contentUrl":"https:\/\/www.fasta.org\/wp-content\/uploads\/2021\/08\/Marca-Fasta.png","width":1595,"height":644,"caption":"Fasta"},"image":{"@id":"https:\/\/www.fasta.org\/fr\/#\/schema\/logo\/image\/"},"sameAs":["https:\/\/www.facebook.com\/MovimientoFasta"]}]}},"_links":{"self":[{"href":"https:\/\/www.fasta.org\/fr\/wp-json\/wp\/v2\/contenido\/722362","targetHints":{"allow":["GET"]}}],"collection":[{"href":"https:\/\/www.fasta.org\/fr\/wp-json\/wp\/v2\/contenido"}],"about":[{"href":"https:\/\/www.fasta.org\/fr\/wp-json\/wp\/v2\/types\/contenido"}],"version-history":[{"count":11,"href":"https:\/\/www.fasta.org\/fr\/wp-json\/wp\/v2\/contenido\/722362\/revisions"}],"predecessor-version":[{"id":724977,"href":"https:\/\/www.fasta.org\/fr\/wp-json\/wp\/v2\/contenido\/722362\/revisions\/724977"}],"wp:featuredmedia":[{"embeddable":true,"href":"https:\/\/www.fasta.org\/fr\/wp-json\/wp\/v2\/media\/724725"}],"wp:attachment":[{"href":"https:\/\/www.fasta.org\/fr\/wp-json\/wp\/v2\/media?parent=722362"}],"wp:term":[{"taxonomy":"tipo-contenido","embeddable":true,"href":"https:\/\/www.fasta.org\/fr\/wp-json\/wp\/v2\/tipo-contenido?post=722362"},{"taxonomy":"historial","embeddable":true,"href":"https:\/\/www.fasta.org\/fr\/wp-json\/wp\/v2\/historial?post=722362"}],"curies":[{"name":"wp","href":"https:\/\/api.w.org\/{rel}","templated":true}]}}

Súplica

<p><em>Súplica</em>, es una poesía escrita por el Padre Fosbery en la cual describe sus sentimientos en el postrer momento de su vida. En ella, se ve reflejada su voluntad de seguir en su misión pero que ya su cuerpo no lo acompaña como antes. Es allí donde el autor se hace la pregunta: <em>¿Cómo seguirte, Señor?</em>    </p>



<p>La poesía es dueña de una belleza espiritual única y es muy sentida por todos los que pudimos acompañarlo en ese momento en su San Martín de los Andes querido. Agradezco a Dios por haber compartido esos bellos momentos y por haber sido parte de “las juntadas” a escuchar los Camba Pororó. ¡Se te extraña Cura! Estarás siempre en nuestro corazón.</p>



<p>¿Cómo surge la idea de ponerle música a su escrito? Esa tarde del 5 de mayo del 2022, cuando nos enteramos de la triste noticia de su fallecimiento sentimos una gran pena y con mis hijos y mi marido comenzamos a leer sus anécdotas y sus poesías.&nbsp;</p>



<p>Especialmente estas líneas me llenó el alma y la compartí en mi estado de WhatsApp y con algunos amigos. Uno de ellos, Diego Vicentini, profesor en el colegio Fasta Miguel Ángel Tobares, me cuenta a la mañana siguiente que despertó en la madrugada cantando la poesía que yo le había compartido. Se levantó y la escribió. Al mediodía nos juntamos con él y mi hija Agustina y grabamos el audio muy casero que comparto a continuación.</p>



<p>Cada vez que la cantamos, nos genera un sentimiento mezcla de alegría y tristeza y realmente se transforma en oración.</p>



<p>Deseamos de corazón que llegue a toda esta hermosa Ciudad y que puedan, también, rezar con ella.</p>



<p>Les mandamos un abrazo.</p>



<p>¡A tus órdenes!</p>

<p>Súplica, es una poesía escrita por el Padre Fosbery en la cual describe sus sentimientos en el postrer momento de su vida. En ella, se ve reflejada su voluntad de seguir en su misión pero que ya su cuerpo no lo acompaña como antes. Es allí donde el autor se hace la pregunta: ¿Cómo seguirte, [&hellip;]</p>

<!-- This site is optimized with the Yoast SEO plugin v27.4 - https://yoast.com/product/yoast-seo-wordpress/ -->
<title>Súplica - Fasta</title>
<meta name="robots" content="index, follow, max-snippet:-1, max-image-preview:large, max-video-preview:-1" />
<link rel="canonical" href="https://www.fasta.org/fr/contenido/suplica/" />
<meta property="og:locale" content="fr_FR" />
<meta property="og:type" content="article" />
<meta property="og:title" content="Súplica - Fasta" />
<meta property="og:description" content="Súplica, es una poesía escrita por el Padre Fosbery en la cual describe sus sentimientos en el postrer momento de su vida. En ella, se ve reflejada su voluntad de seguir en su misión pero que ya su cuerpo no lo acompaña como antes. Es allí donde el autor se hace la pregunta: ¿Cómo seguirte, [&hellip;]" />
<meta property="og:url" content="https://www.fasta.org/fr/contenido/suplica/" />
<meta property="og:site_name" content="Fasta" />
<meta property="article:publisher" content="https://www.facebook.com/MovimientoFasta" />
<meta property="article:modified_time" content="2023-06-23T17:06:38+00:00" />
<meta property="og:image" content="https://www.fasta.org/wp-content/uploads/2023/06/poesia-suplica.png" />
	<meta property="og:image:width" content="1589" />
	<meta property="og:image:height" content="1589" />
	<meta property="og:image:type" content="image/png" />
<meta name="twitter:card" content="summary_large_image" />
<meta name="twitter:label1" content="Durée de lecture estimée" />
	<meta name="twitter:data1" content="2 minutes" />
<script type="application/ld+json" class="yoast-schema-graph">{"@context":"https:\/\/schema.org","@graph":[{"@type":"WebPage","@id":"https:\/\/www.fasta.org\/fr\/contenido\/suplica\/","url":"https:\/\/www.fasta.org\/fr\/contenido\/suplica\/","name":"Súplica - Fasta","isPartOf":{"@id":"https:\/\/www.fasta.org\/fr\/#website"},"primaryImageOfPage":{"@id":"https:\/\/www.fasta.org\/fr\/contenido\/suplica\/#primaryimage"},"image":{"@id":"https:\/\/www.fasta.org\/fr\/contenido\/suplica\/#primaryimage"},"thumbnailUrl":"https:\/\/www.fasta.org\/wp-content\/uploads\/2023\/06\/poesia-suplica.png","datePublished":"2023-06-21T13:36:10+00:00","dateModified":"2023-06-23T17:06:38+00:00","breadcrumb":{"@id":"https:\/\/www.fasta.org\/fr\/contenido\/suplica\/#breadcrumb"},"inLanguage":"fr-FR","potentialAction":[{"@type":"ReadAction","target":["https:\/\/www.fasta.org\/fr\/contenido\/suplica\/"]}]},{"@type":"ImageObject","inLanguage":"fr-FR","@id":"https:\/\/www.fasta.org\/fr\/contenido\/suplica\/#primaryimage","url":"https:\/\/www.fasta.org\/wp-content\/uploads\/2023\/06\/poesia-suplica.png","contentUrl":"https:\/\/www.fasta.org\/wp-content\/uploads\/2023\/06\/poesia-suplica.png","width":1589,"height":1589},{"@type":"BreadcrumbList","@id":"https:\/\/www.fasta.org\/fr\/contenido\/suplica\/#breadcrumb","itemListElement":[{"@type":"ListItem","position":1,"name":"Portada","item":"https:\/\/www.fasta.org\/fr\/"},{"@type":"ListItem","position":2,"name":"Contenido","item":"https:\/\/www.fasta.org\/fr\/contenido\/"},{"@type":"ListItem","position":3,"name":"Súplica"}]},{"@type":"WebSite","@id":"https:\/\/www.fasta.org\/fr\/#website","url":"https:\/\/www.fasta.org\/fr\/","name":"Fasta","description":"Fraternidad de Agrupaciones Santo Tomás de Aquino","publisher":{"@id":"https:\/\/www.fasta.org\/fr\/#organization"},"potentialAction":[{"@type":"SearchAction","target":{"@type":"EntryPoint","urlTemplate":"https:\/\/www.fasta.org\/fr\/?s={search_term_string}"},"query-input":{"@type":"PropertyValueSpecification","valueRequired":true,"valueName":"search_term_string"}}],"inLanguage":"fr-FR"},{"@type":"Organization","@id":"https:\/\/www.fasta.org\/fr\/#organization","name":"Fasta","url":"https:\/\/www.fasta.org\/fr\/","logo":{"@type":"ImageObject","inLanguage":"fr-FR","@id":"https:\/\/www.fasta.org\/fr\/#\/schema\/logo\/image\/","url":"https:\/\/www.fasta.org\/wp-content\/uploads\/2021\/08\/Marca-Fasta.png","contentUrl":"https:\/\/www.fasta.org\/wp-content\/uploads\/2021\/08\/Marca-Fasta.png","width":1595,"height":644,"caption":"Fasta"},"image":{"@id":"https:\/\/www.fasta.org\/fr\/#\/schema\/logo\/image\/"},"sameAs":["https:\/\/www.facebook.com\/MovimientoFasta"]}]}</script>
<!-- / Yoast SEO plugin. -->

Súplica - Fasta

Súplica, es una poesía escrita por el Padre Fosbery en la cual describe sus sentimientos en el postrer momento de su vida. En ella, se ve reflejada su voluntad de seguir en su misión pero que ya su cuerpo no lo acompaña como antes. Es allí donde el autor se hace la pregunta: ¿Cómo seguirte, [&hellip;]

Fraternidad de Agrupaciones Santo Tomás de Aquino
