{"id":607685,"date":"2023-03-30T15:24:39","date_gmt":"2023-03-30T18:24:39","guid":{"rendered":"https:\/\/www.fasta.org\/?post_type=contenido&#038;p=607685"},"modified":"2023-03-31T16:44:36","modified_gmt":"2023-03-31T19:44:36","slug":"cuaresma","status":"publish","type":"contenido","link":"https:\/\/www.fasta.org\/fr\/contenido\/cuaresma\/","title":{"rendered":"Cuaresma"},"content":{"rendered":"","protected":false},"excerpt":{"rendered":"<p>Jes\u00fas le respondi\u00f3: \u00abEl que beba de esta agua tendr\u00e1 nuevamente sed, pero el que beba del agua que Yo le dar\u00e9, nunca m\u00e1s volver\u00e1 a tener sed. El agua que Yo le dar\u00e9\u00a0 se convertir\u00e1 en \u00e9l en manantial que brotar\u00e1 hasta la Vida eterna.\u00bb<\/p>\n<p>Jn. 4, 13-14.<\/p>\n","protected":false},"featured_media":559203,"template":"","tipo-contenido":[161],"historial":[90],"class_list":["post-607685","contenido","type-contenido","status-publish","has-post-thumbnail","hentry","tipo-contenido-reflexion","historial-publicado"],"acf":[],"yoast_head":"<!-- This site is optimized with the Yoast SEO plugin v27.4 - https:\/\/yoast.com\/product\/yoast-seo-wordpress\/ -->\n<title>Cuaresma - Fasta<\/title>\n<meta name=\"robots\" content=\"index, follow, max-snippet:-1, max-image-preview:large, max-video-preview:-1\" \/>\n<link rel=\"canonical\" href=\"https:\/\/www.fasta.org\/fr\/contenido\/cuaresma\/\" \/>\n<meta property=\"og:locale\" content=\"fr_FR\" \/>\n<meta property=\"og:type\" content=\"article\" \/>\n<meta property=\"og:title\" content=\"Cuaresma - Fasta\" \/>\n<meta property=\"og:description\" content=\"Jes\u00fas le respondi\u00f3: \u00abEl que beba de esta agua tendr\u00e1 nuevamente sed, pero el que beba del agua que Yo le dar\u00e9, nunca m\u00e1s volver\u00e1 a tener sed. El agua que Yo le dar\u00e9\u00a0 se convertir\u00e1 en \u00e9l en manantial que brotar\u00e1 hasta la Vida eterna.\u00bb Jn. 4, 13-14.\" \/>\n<meta property=\"og:url\" content=\"https:\/\/www.fasta.org\/fr\/contenido\/cuaresma\/\" \/>\n<meta property=\"og:site_name\" content=\"Fasta\" \/>\n<meta property=\"article:publisher\" content=\"https:\/\/www.facebook.com\/MovimientoFasta\" \/>\n<meta property=\"article:modified_time\" content=\"2023-03-31T19:44:36+00:00\" \/>\n<meta property=\"og:image\" content=\"https:\/\/www.fasta.org\/wp-content\/uploads\/2023\/03\/cathopic_1501507900906388-scaled.jpg\" \/>\n\t<meta property=\"og:image:width\" content=\"2560\" \/>\n\t<meta property=\"og:image:height\" content=\"1707\" \/>\n\t<meta property=\"og:image:type\" content=\"image\/jpeg\" \/>\n<meta name=\"twitter:card\" content=\"summary_large_image\" \/>\n<script type=\"application\/ld+json\" class=\"yoast-schema-graph\">{\"@context\":\"https:\\\/\\\/schema.org\",\"@graph\":[{\"@type\":\"WebPage\",\"@id\":\"https:\\\/\\\/www.fasta.org\\\/fr\\\/contenido\\\/cuaresma\\\/\",\"url\":\"https:\\\/\\\/www.fasta.org\\\/fr\\\/contenido\\\/cuaresma\\\/\",\"name\":\"Cuaresma - Fasta\",\"isPartOf\":{\"@id\":\"https:\\\/\\\/www.fasta.org\\\/fr\\\/#website\"},\"primaryImageOfPage\":{\"@id\":\"https:\\\/\\\/www.fasta.org\\\/fr\\\/contenido\\\/cuaresma\\\/#primaryimage\"},\"image\":{\"@id\":\"https:\\\/\\\/www.fasta.org\\\/fr\\\/contenido\\\/cuaresma\\\/#primaryimage\"},\"thumbnailUrl\":\"https:\\\/\\\/www.fasta.org\\\/wp-content\\\/uploads\\\/2023\\\/03\\\/cathopic_1501507900906388-scaled.jpg\",\"datePublished\":\"2023-03-30T18:24:39+00:00\",\"dateModified\":\"2023-03-31T19:44:36+00:00\",\"breadcrumb\":{\"@id\":\"https:\\\/\\\/www.fasta.org\\\/fr\\\/contenido\\\/cuaresma\\\/#breadcrumb\"},\"inLanguage\":\"fr-FR\",\"potentialAction\":[{\"@type\":\"ReadAction\",\"target\":[\"https:\\\/\\\/www.fasta.org\\\/fr\\\/contenido\\\/cuaresma\\\/\"]}]},{\"@type\":\"ImageObject\",\"inLanguage\":\"fr-FR\",\"@id\":\"https:\\\/\\\/www.fasta.org\\\/fr\\\/contenido\\\/cuaresma\\\/#primaryimage\",\"url\":\"https:\\\/\\\/www.fasta.org\\\/wp-content\\\/uploads\\\/2023\\\/03\\\/cathopic_1501507900906388-scaled.jpg\",\"contentUrl\":\"https:\\\/\\\/www.fasta.org\\\/wp-content\\\/uploads\\\/2023\\\/03\\\/cathopic_1501507900906388-scaled.jpg\",\"width\":2560,\"height\":1707,\"caption\":\"rezando frente al altar\"},{\"@type\":\"BreadcrumbList\",\"@id\":\"https:\\\/\\\/www.fasta.org\\\/fr\\\/contenido\\\/cuaresma\\\/#breadcrumb\",\"itemListElement\":[{\"@type\":\"ListItem\",\"position\":1,\"name\":\"Portada\",\"item\":\"https:\\\/\\\/www.fasta.org\\\/fr\\\/\"},{\"@type\":\"ListItem\",\"position\":2,\"name\":\"Contenido\",\"item\":\"https:\\\/\\\/www.fasta.org\\\/fr\\\/contenido\\\/\"},{\"@type\":\"ListItem\",\"position\":3,\"name\":\"Cuaresma\"}]},{\"@type\":\"WebSite\",\"@id\":\"https:\\\/\\\/www.fasta.org\\\/fr\\\/#website\",\"url\":\"https:\\\/\\\/www.fasta.org\\\/fr\\\/\",\"name\":\"Fasta\",\"description\":\"Fraternidad de Agrupaciones Santo Tom\u00e1s de Aquino\",\"publisher\":{\"@id\":\"https:\\\/\\\/www.fasta.org\\\/fr\\\/#organization\"},\"potentialAction\":[{\"@type\":\"SearchAction\",\"target\":{\"@type\":\"EntryPoint\",\"urlTemplate\":\"https:\\\/\\\/www.fasta.org\\\/fr\\\/?s={search_term_string}\"},\"query-input\":{\"@type\":\"PropertyValueSpecification\",\"valueRequired\":true,\"valueName\":\"search_term_string\"}}],\"inLanguage\":\"fr-FR\"},{\"@type\":\"Organization\",\"@id\":\"https:\\\/\\\/www.fasta.org\\\/fr\\\/#organization\",\"name\":\"Fasta\",\"url\":\"https:\\\/\\\/www.fasta.org\\\/fr\\\/\",\"logo\":{\"@type\":\"ImageObject\",\"inLanguage\":\"fr-FR\",\"@id\":\"https:\\\/\\\/www.fasta.org\\\/fr\\\/#\\\/schema\\\/logo\\\/image\\\/\",\"url\":\"https:\\\/\\\/www.fasta.org\\\/wp-content\\\/uploads\\\/2021\\\/08\\\/Marca-Fasta.png\",\"contentUrl\":\"https:\\\/\\\/www.fasta.org\\\/wp-content\\\/uploads\\\/2021\\\/08\\\/Marca-Fasta.png\",\"width\":1595,\"height\":644,\"caption\":\"Fasta\"},\"image\":{\"@id\":\"https:\\\/\\\/www.fasta.org\\\/fr\\\/#\\\/schema\\\/logo\\\/image\\\/\"},\"sameAs\":[\"https:\\\/\\\/www.facebook.com\\\/MovimientoFasta\"]}]}<\/script>\n<!-- \/ Yoast SEO plugin. -->","yoast_head_json":{"title":"Cuaresma - Fasta","robots":{"index":"index","follow":"follow","max-snippet":"max-snippet:-1","max-image-preview":"max-image-preview:large","max-video-preview":"max-video-preview:-1"},"canonical":"https:\/\/www.fasta.org\/fr\/contenido\/cuaresma\/","og_locale":"fr_FR","og_type":"article","og_title":"Cuaresma - Fasta","og_description":"Jes\u00fas le respondi\u00f3: \u00abEl que beba de esta agua tendr\u00e1 nuevamente sed, pero el que beba del agua que Yo le dar\u00e9, nunca m\u00e1s volver\u00e1 a tener sed. El agua que Yo le dar\u00e9\u00a0 se convertir\u00e1 en \u00e9l en manantial que brotar\u00e1 hasta la Vida eterna.\u00bb Jn. 4, 13-14.","og_url":"https:\/\/www.fasta.org\/fr\/contenido\/cuaresma\/","og_site_name":"Fasta","article_publisher":"https:\/\/www.facebook.com\/MovimientoFasta","article_modified_time":"2023-03-31T19:44:36+00:00","og_image":[{"width":2560,"height":1707,"url":"https:\/\/www.fasta.org\/wp-content\/uploads\/2023\/03\/cathopic_1501507900906388-scaled.jpg","type":"image\/jpeg"}],"twitter_card":"summary_large_image","schema":{"@context":"https:\/\/schema.org","@graph":[{"@type":"WebPage","@id":"https:\/\/www.fasta.org\/fr\/contenido\/cuaresma\/","url":"https:\/\/www.fasta.org\/fr\/contenido\/cuaresma\/","name":"Cuaresma - Fasta","isPartOf":{"@id":"https:\/\/www.fasta.org\/fr\/#website"},"primaryImageOfPage":{"@id":"https:\/\/www.fasta.org\/fr\/contenido\/cuaresma\/#primaryimage"},"image":{"@id":"https:\/\/www.fasta.org\/fr\/contenido\/cuaresma\/#primaryimage"},"thumbnailUrl":"https:\/\/www.fasta.org\/wp-content\/uploads\/2023\/03\/cathopic_1501507900906388-scaled.jpg","datePublished":"2023-03-30T18:24:39+00:00","dateModified":"2023-03-31T19:44:36+00:00","breadcrumb":{"@id":"https:\/\/www.fasta.org\/fr\/contenido\/cuaresma\/#breadcrumb"},"inLanguage":"fr-FR","potentialAction":[{"@type":"ReadAction","target":["https:\/\/www.fasta.org\/fr\/contenido\/cuaresma\/"]}]},{"@type":"ImageObject","inLanguage":"fr-FR","@id":"https:\/\/www.fasta.org\/fr\/contenido\/cuaresma\/#primaryimage","url":"https:\/\/www.fasta.org\/wp-content\/uploads\/2023\/03\/cathopic_1501507900906388-scaled.jpg","contentUrl":"https:\/\/www.fasta.org\/wp-content\/uploads\/2023\/03\/cathopic_1501507900906388-scaled.jpg","width":2560,"height":1707,"caption":"rezando frente al altar"},{"@type":"BreadcrumbList","@id":"https:\/\/www.fasta.org\/fr\/contenido\/cuaresma\/#breadcrumb","itemListElement":[{"@type":"ListItem","position":1,"name":"Portada","item":"https:\/\/www.fasta.org\/fr\/"},{"@type":"ListItem","position":2,"name":"Contenido","item":"https:\/\/www.fasta.org\/fr\/contenido\/"},{"@type":"ListItem","position":3,"name":"Cuaresma"}]},{"@type":"WebSite","@id":"https:\/\/www.fasta.org\/fr\/#website","url":"https:\/\/www.fasta.org\/fr\/","name":"Fasta","description":"Fraternidad de Agrupaciones Santo Tom\u00e1s de Aquino","publisher":{"@id":"https:\/\/www.fasta.org\/fr\/#organization"},"potentialAction":[{"@type":"SearchAction","target":{"@type":"EntryPoint","urlTemplate":"https:\/\/www.fasta.org\/fr\/?s={search_term_string}"},"query-input":{"@type":"PropertyValueSpecification","valueRequired":true,"valueName":"search_term_string"}}],"inLanguage":"fr-FR"},{"@type":"Organization","@id":"https:\/\/www.fasta.org\/fr\/#organization","name":"Fasta","url":"https:\/\/www.fasta.org\/fr\/","logo":{"@type":"ImageObject","inLanguage":"fr-FR","@id":"https:\/\/www.fasta.org\/fr\/#\/schema\/logo\/image\/","url":"https:\/\/www.fasta.org\/wp-content\/uploads\/2021\/08\/Marca-Fasta.png","contentUrl":"https:\/\/www.fasta.org\/wp-content\/uploads\/2021\/08\/Marca-Fasta.png","width":1595,"height":644,"caption":"Fasta"},"image":{"@id":"https:\/\/www.fasta.org\/fr\/#\/schema\/logo\/image\/"},"sameAs":["https:\/\/www.facebook.com\/MovimientoFasta"]}]}},"_links":{"self":[{"href":"https:\/\/www.fasta.org\/fr\/wp-json\/wp\/v2\/contenido\/607685","targetHints":{"allow":["GET"]}}],"collection":[{"href":"https:\/\/www.fasta.org\/fr\/wp-json\/wp\/v2\/contenido"}],"about":[{"href":"https:\/\/www.fasta.org\/fr\/wp-json\/wp\/v2\/types\/contenido"}],"version-history":[{"count":3,"href":"https:\/\/www.fasta.org\/fr\/wp-json\/wp\/v2\/contenido\/607685\/revisions"}],"predecessor-version":[{"id":611796,"href":"https:\/\/www.fasta.org\/fr\/wp-json\/wp\/v2\/contenido\/607685\/revisions\/611796"}],"wp:featuredmedia":[{"embeddable":true,"href":"https:\/\/www.fasta.org\/fr\/wp-json\/wp\/v2\/media\/559203"}],"wp:attachment":[{"href":"https:\/\/www.fasta.org\/fr\/wp-json\/wp\/v2\/media?parent=607685"}],"wp:term":[{"taxonomy":"tipo-contenido","embeddable":true,"href":"https:\/\/www.fasta.org\/fr\/wp-json\/wp\/v2\/tipo-contenido?post=607685"},{"taxonomy":"historial","embeddable":true,"href":"https:\/\/www.fasta.org\/fr\/wp-json\/wp\/v2\/historial?post=607685"}],"curies":[{"name":"wp","href":"https:\/\/api.w.org\/{rel}","templated":true}]}}

<p>Jesús le respondió: «El que beba de esta agua tendrá nuevamente sed, pero el que beba del agua que Yo le daré, nunca más volverá a tener sed. El agua que Yo le daré  se convertirá en él en manantial que brotará hasta la Vida eterna.»</p>
<p>Jn. 4, 13-14.</p>

<!-- This site is optimized with the Yoast SEO plugin v27.4 - https://yoast.com/product/yoast-seo-wordpress/ -->
<title>Cuaresma - Fasta</title>
<meta name="robots" content="index, follow, max-snippet:-1, max-image-preview:large, max-video-preview:-1" />
<link rel="canonical" href="https://www.fasta.org/fr/contenido/cuaresma/" />
<meta property="og:locale" content="fr_FR" />
<meta property="og:type" content="article" />
<meta property="og:title" content="Cuaresma - Fasta" />
<meta property="og:description" content="Jesús le respondió: «El que beba de esta agua tendrá nuevamente sed, pero el que beba del agua que Yo le daré, nunca más volverá a tener sed. El agua que Yo le daré  se convertirá en él en manantial que brotará hasta la Vida eterna.» Jn. 4, 13-14." />
<meta property="og:url" content="https://www.fasta.org/fr/contenido/cuaresma/" />
<meta property="og:site_name" content="Fasta" />
<meta property="article:publisher" content="https://www.facebook.com/MovimientoFasta" />
<meta property="article:modified_time" content="2023-03-31T19:44:36+00:00" />
<meta property="og:image" content="https://www.fasta.org/wp-content/uploads/2023/03/cathopic_1501507900906388-scaled.jpg" />
	<meta property="og:image:width" content="2560" />
	<meta property="og:image:height" content="1707" />
	<meta property="og:image:type" content="image/jpeg" />
<meta name="twitter:card" content="summary_large_image" />
<script type="application/ld+json" class="yoast-schema-graph">{"@context":"https:\/\/schema.org","@graph":[{"@type":"WebPage","@id":"https:\/\/www.fasta.org\/fr\/contenido\/cuaresma\/","url":"https:\/\/www.fasta.org\/fr\/contenido\/cuaresma\/","name":"Cuaresma - Fasta","isPartOf":{"@id":"https:\/\/www.fasta.org\/fr\/#website"},"primaryImageOfPage":{"@id":"https:\/\/www.fasta.org\/fr\/contenido\/cuaresma\/#primaryimage"},"image":{"@id":"https:\/\/www.fasta.org\/fr\/contenido\/cuaresma\/#primaryimage"},"thumbnailUrl":"https:\/\/www.fasta.org\/wp-content\/uploads\/2023\/03\/cathopic_1501507900906388-scaled.jpg","datePublished":"2023-03-30T18:24:39+00:00","dateModified":"2023-03-31T19:44:36+00:00","breadcrumb":{"@id":"https:\/\/www.fasta.org\/fr\/contenido\/cuaresma\/#breadcrumb"},"inLanguage":"fr-FR","potentialAction":[{"@type":"ReadAction","target":["https:\/\/www.fasta.org\/fr\/contenido\/cuaresma\/"]}]},{"@type":"ImageObject","inLanguage":"fr-FR","@id":"https:\/\/www.fasta.org\/fr\/contenido\/cuaresma\/#primaryimage","url":"https:\/\/www.fasta.org\/wp-content\/uploads\/2023\/03\/cathopic_1501507900906388-scaled.jpg","contentUrl":"https:\/\/www.fasta.org\/wp-content\/uploads\/2023\/03\/cathopic_1501507900906388-scaled.jpg","width":2560,"height":1707,"caption":"rezando frente al altar"},{"@type":"BreadcrumbList","@id":"https:\/\/www.fasta.org\/fr\/contenido\/cuaresma\/#breadcrumb","itemListElement":[{"@type":"ListItem","position":1,"name":"Portada","item":"https:\/\/www.fasta.org\/fr\/"},{"@type":"ListItem","position":2,"name":"Contenido","item":"https:\/\/www.fasta.org\/fr\/contenido\/"},{"@type":"ListItem","position":3,"name":"Cuaresma"}]},{"@type":"WebSite","@id":"https:\/\/www.fasta.org\/fr\/#website","url":"https:\/\/www.fasta.org\/fr\/","name":"Fasta","description":"Fraternidad de Agrupaciones Santo Tomás de Aquino","publisher":{"@id":"https:\/\/www.fasta.org\/fr\/#organization"},"potentialAction":[{"@type":"SearchAction","target":{"@type":"EntryPoint","urlTemplate":"https:\/\/www.fasta.org\/fr\/?s={search_term_string}"},"query-input":{"@type":"PropertyValueSpecification","valueRequired":true,"valueName":"search_term_string"}}],"inLanguage":"fr-FR"},{"@type":"Organization","@id":"https:\/\/www.fasta.org\/fr\/#organization","name":"Fasta","url":"https:\/\/www.fasta.org\/fr\/","logo":{"@type":"ImageObject","inLanguage":"fr-FR","@id":"https:\/\/www.fasta.org\/fr\/#\/schema\/logo\/image\/","url":"https:\/\/www.fasta.org\/wp-content\/uploads\/2021\/08\/Marca-Fasta.png","contentUrl":"https:\/\/www.fasta.org\/wp-content\/uploads\/2021\/08\/Marca-Fasta.png","width":1595,"height":644,"caption":"Fasta"},"image":{"@id":"https:\/\/www.fasta.org\/fr\/#\/schema\/logo\/image\/"},"sameAs":["https:\/\/www.facebook.com\/MovimientoFasta"]}]}</script>
<!-- / Yoast SEO plugin. -->

Jesús le respondió: «El que beba de esta agua tendrá nuevamente sed, pero el que beba del agua que Yo le daré, nunca más volverá a tener sed. El agua que Yo le daré  se convertirá en él en manantial que brotará hasta la Vida eterna.» Jn. 4, 13-14.

Fraternidad de Agrupaciones Santo Tomás de Aquino
