{"id":386743,"date":"2022-10-04T10:46:23","date_gmt":"2022-10-04T13:46:23","guid":{"rendered":"https:\/\/www.fasta.org\/?post_type=contenido&#038;p=386743"},"modified":"2025-10-23T11:51:32","modified_gmt":"2025-10-23T14:51:32","slug":"reflexiones-sobre-los-textos-de-san-lucas","status":"publish","type":"contenido","link":"https:\/\/www.fasta.org\/fr\/contenido\/reflexiones-sobre-los-textos-de-san-lucas\/","title":{"rendered":"Reflexiones sobre los textos de san Lucas"},"content":{"rendered":"","protected":false},"excerpt":{"rendered":"<p>Estas reflexiones pueden acompa\u00f1ar y ayudar a la pr\u00e1ctica ya incorporada a la vida espiritual de muchos fieles. El tiempo abarca el tiempo Ordinario despu\u00e9s de Navidad, el tiempo de Cuaresma, Semana Santa, Pascua y el tiempo Ordinario a partir de Pentecost\u00e9s.<\/p>\n","protected":false},"featured_media":381186,"template":"","tipo-contenido":[95,148],"historial":[90],"class_list":["post-386743","contenido","type-contenido","status-publish","has-post-thumbnail","hentry","tipo-contenido-magisterio-fundador","tipo-contenido-reflexiones-biblicas-y-santos","historial-publicado"],"acf":[],"yoast_head":"<!-- This site is optimized with the Yoast SEO plugin v27.4 - https:\/\/yoast.com\/product\/yoast-seo-wordpress\/ -->\n<title>Reflexiones sobre los textos de san Lucas - Fasta<\/title>\n<meta name=\"robots\" content=\"index, follow, max-snippet:-1, max-image-preview:large, max-video-preview:-1\" \/>\n<link rel=\"canonical\" href=\"https:\/\/www.fasta.org\/fr\/contenido\/reflexiones-sobre-los-textos-de-san-lucas\/\" \/>\n<meta property=\"og:locale\" content=\"fr_FR\" \/>\n<meta property=\"og:type\" content=\"article\" \/>\n<meta property=\"og:title\" content=\"Reflexiones sobre los textos de san Lucas - Fasta\" \/>\n<meta property=\"og:description\" content=\"Estas reflexiones pueden acompa\u00f1ar y ayudar a la pr\u00e1ctica ya incorporada a la vida espiritual de muchos fieles. El tiempo abarca el tiempo Ordinario despu\u00e9s de Navidad, el tiempo de Cuaresma, Semana Santa, Pascua y el tiempo Ordinario a partir de Pentecost\u00e9s.\" \/>\n<meta property=\"og:url\" content=\"https:\/\/www.fasta.org\/fr\/contenido\/reflexiones-sobre-los-textos-de-san-lucas\/\" \/>\n<meta property=\"og:site_name\" content=\"Fasta\" \/>\n<meta property=\"article:publisher\" content=\"https:\/\/www.facebook.com\/MovimientoFasta\" \/>\n<meta property=\"article:modified_time\" content=\"2025-10-23T14:51:32+00:00\" \/>\n<meta property=\"og:image\" content=\"https:\/\/www.fasta.org\/wp-content\/uploads\/2022\/09\/lucas-1.png\" \/>\n\t<meta property=\"og:image:width\" content=\"942\" \/>\n\t<meta property=\"og:image:height\" content=\"942\" \/>\n\t<meta property=\"og:image:type\" content=\"image\/png\" \/>\n<meta name=\"twitter:card\" content=\"summary_large_image\" \/>\n<meta name=\"twitter:label1\" content=\"Dur\u00e9e de lecture estim\u00e9e\" \/>\n\t<meta name=\"twitter:data1\" content=\"1 minute\" \/>\n<script type=\"application\/ld+json\" class=\"yoast-schema-graph\">{\"@context\":\"https:\\\/\\\/schema.org\",\"@graph\":[{\"@type\":\"WebPage\",\"@id\":\"https:\\\/\\\/www.fasta.org\\\/fr\\\/contenido\\\/reflexiones-sobre-los-textos-de-san-lucas\\\/\",\"url\":\"https:\\\/\\\/www.fasta.org\\\/fr\\\/contenido\\\/reflexiones-sobre-los-textos-de-san-lucas\\\/\",\"name\":\"Reflexiones sobre los textos de san Lucas - Fasta\",\"isPartOf\":{\"@id\":\"https:\\\/\\\/www.fasta.org\\\/fr\\\/#website\"},\"primaryImageOfPage\":{\"@id\":\"https:\\\/\\\/www.fasta.org\\\/fr\\\/contenido\\\/reflexiones-sobre-los-textos-de-san-lucas\\\/#primaryimage\"},\"image\":{\"@id\":\"https:\\\/\\\/www.fasta.org\\\/fr\\\/contenido\\\/reflexiones-sobre-los-textos-de-san-lucas\\\/#primaryimage\"},\"thumbnailUrl\":\"https:\\\/\\\/www.fasta.org\\\/wp-content\\\/uploads\\\/2022\\\/09\\\/lucas-1.png\",\"datePublished\":\"2022-10-04T13:46:23+00:00\",\"dateModified\":\"2025-10-23T14:51:32+00:00\",\"breadcrumb\":{\"@id\":\"https:\\\/\\\/www.fasta.org\\\/fr\\\/contenido\\\/reflexiones-sobre-los-textos-de-san-lucas\\\/#breadcrumb\"},\"inLanguage\":\"fr-FR\",\"potentialAction\":[{\"@type\":\"ReadAction\",\"target\":[\"https:\\\/\\\/www.fasta.org\\\/fr\\\/contenido\\\/reflexiones-sobre-los-textos-de-san-lucas\\\/\"]}]},{\"@type\":\"ImageObject\",\"inLanguage\":\"fr-FR\",\"@id\":\"https:\\\/\\\/www.fasta.org\\\/fr\\\/contenido\\\/reflexiones-sobre-los-textos-de-san-lucas\\\/#primaryimage\",\"url\":\"https:\\\/\\\/www.fasta.org\\\/wp-content\\\/uploads\\\/2022\\\/09\\\/lucas-1.png\",\"contentUrl\":\"https:\\\/\\\/www.fasta.org\\\/wp-content\\\/uploads\\\/2022\\\/09\\\/lucas-1.png\",\"width\":942,\"height\":942},{\"@type\":\"BreadcrumbList\",\"@id\":\"https:\\\/\\\/www.fasta.org\\\/fr\\\/contenido\\\/reflexiones-sobre-los-textos-de-san-lucas\\\/#breadcrumb\",\"itemListElement\":[{\"@type\":\"ListItem\",\"position\":1,\"name\":\"Portada\",\"item\":\"https:\\\/\\\/www.fasta.org\\\/fr\\\/\"},{\"@type\":\"ListItem\",\"position\":2,\"name\":\"Contenido\",\"item\":\"https:\\\/\\\/www.fasta.org\\\/fr\\\/contenido\\\/\"},{\"@type\":\"ListItem\",\"position\":3,\"name\":\"Reflexiones sobre los textos de san Lucas\"}]},{\"@type\":\"WebSite\",\"@id\":\"https:\\\/\\\/www.fasta.org\\\/fr\\\/#website\",\"url\":\"https:\\\/\\\/www.fasta.org\\\/fr\\\/\",\"name\":\"Fasta\",\"description\":\"Fraternidad de Agrupaciones Santo Tom\u00e1s de Aquino\",\"publisher\":{\"@id\":\"https:\\\/\\\/www.fasta.org\\\/fr\\\/#organization\"},\"potentialAction\":[{\"@type\":\"SearchAction\",\"target\":{\"@type\":\"EntryPoint\",\"urlTemplate\":\"https:\\\/\\\/www.fasta.org\\\/fr\\\/?s={search_term_string}\"},\"query-input\":{\"@type\":\"PropertyValueSpecification\",\"valueRequired\":true,\"valueName\":\"search_term_string\"}}],\"inLanguage\":\"fr-FR\"},{\"@type\":\"Organization\",\"@id\":\"https:\\\/\\\/www.fasta.org\\\/fr\\\/#organization\",\"name\":\"Fasta\",\"url\":\"https:\\\/\\\/www.fasta.org\\\/fr\\\/\",\"logo\":{\"@type\":\"ImageObject\",\"inLanguage\":\"fr-FR\",\"@id\":\"https:\\\/\\\/www.fasta.org\\\/fr\\\/#\\\/schema\\\/logo\\\/image\\\/\",\"url\":\"https:\\\/\\\/www.fasta.org\\\/wp-content\\\/uploads\\\/2021\\\/08\\\/Marca-Fasta.png\",\"contentUrl\":\"https:\\\/\\\/www.fasta.org\\\/wp-content\\\/uploads\\\/2021\\\/08\\\/Marca-Fasta.png\",\"width\":1595,\"height\":644,\"caption\":\"Fasta\"},\"image\":{\"@id\":\"https:\\\/\\\/www.fasta.org\\\/fr\\\/#\\\/schema\\\/logo\\\/image\\\/\"},\"sameAs\":[\"https:\\\/\\\/www.facebook.com\\\/MovimientoFasta\"]}]}<\/script>\n<!-- \/ Yoast SEO plugin. -->","yoast_head_json":{"title":"Reflexiones sobre los textos de san Lucas - Fasta","robots":{"index":"index","follow":"follow","max-snippet":"max-snippet:-1","max-image-preview":"max-image-preview:large","max-video-preview":"max-video-preview:-1"},"canonical":"https:\/\/www.fasta.org\/fr\/contenido\/reflexiones-sobre-los-textos-de-san-lucas\/","og_locale":"fr_FR","og_type":"article","og_title":"Reflexiones sobre los textos de san Lucas - Fasta","og_description":"Estas reflexiones pueden acompa\u00f1ar y ayudar a la pr\u00e1ctica ya incorporada a la vida espiritual de muchos fieles. El tiempo abarca el tiempo Ordinario despu\u00e9s de Navidad, el tiempo de Cuaresma, Semana Santa, Pascua y el tiempo Ordinario a partir de Pentecost\u00e9s.","og_url":"https:\/\/www.fasta.org\/fr\/contenido\/reflexiones-sobre-los-textos-de-san-lucas\/","og_site_name":"Fasta","article_publisher":"https:\/\/www.facebook.com\/MovimientoFasta","article_modified_time":"2025-10-23T14:51:32+00:00","og_image":[{"width":942,"height":942,"url":"https:\/\/www.fasta.org\/wp-content\/uploads\/2022\/09\/lucas-1.png","type":"image\/png"}],"twitter_card":"summary_large_image","twitter_misc":{"Dur\u00e9e de lecture estim\u00e9e":"1 minute"},"schema":{"@context":"https:\/\/schema.org","@graph":[{"@type":"WebPage","@id":"https:\/\/www.fasta.org\/fr\/contenido\/reflexiones-sobre-los-textos-de-san-lucas\/","url":"https:\/\/www.fasta.org\/fr\/contenido\/reflexiones-sobre-los-textos-de-san-lucas\/","name":"Reflexiones sobre los textos de san Lucas - Fasta","isPartOf":{"@id":"https:\/\/www.fasta.org\/fr\/#website"},"primaryImageOfPage":{"@id":"https:\/\/www.fasta.org\/fr\/contenido\/reflexiones-sobre-los-textos-de-san-lucas\/#primaryimage"},"image":{"@id":"https:\/\/www.fasta.org\/fr\/contenido\/reflexiones-sobre-los-textos-de-san-lucas\/#primaryimage"},"thumbnailUrl":"https:\/\/www.fasta.org\/wp-content\/uploads\/2022\/09\/lucas-1.png","datePublished":"2022-10-04T13:46:23+00:00","dateModified":"2025-10-23T14:51:32+00:00","breadcrumb":{"@id":"https:\/\/www.fasta.org\/fr\/contenido\/reflexiones-sobre-los-textos-de-san-lucas\/#breadcrumb"},"inLanguage":"fr-FR","potentialAction":[{"@type":"ReadAction","target":["https:\/\/www.fasta.org\/fr\/contenido\/reflexiones-sobre-los-textos-de-san-lucas\/"]}]},{"@type":"ImageObject","inLanguage":"fr-FR","@id":"https:\/\/www.fasta.org\/fr\/contenido\/reflexiones-sobre-los-textos-de-san-lucas\/#primaryimage","url":"https:\/\/www.fasta.org\/wp-content\/uploads\/2022\/09\/lucas-1.png","contentUrl":"https:\/\/www.fasta.org\/wp-content\/uploads\/2022\/09\/lucas-1.png","width":942,"height":942},{"@type":"BreadcrumbList","@id":"https:\/\/www.fasta.org\/fr\/contenido\/reflexiones-sobre-los-textos-de-san-lucas\/#breadcrumb","itemListElement":[{"@type":"ListItem","position":1,"name":"Portada","item":"https:\/\/www.fasta.org\/fr\/"},{"@type":"ListItem","position":2,"name":"Contenido","item":"https:\/\/www.fasta.org\/fr\/contenido\/"},{"@type":"ListItem","position":3,"name":"Reflexiones sobre los textos de san Lucas"}]},{"@type":"WebSite","@id":"https:\/\/www.fasta.org\/fr\/#website","url":"https:\/\/www.fasta.org\/fr\/","name":"Fasta","description":"Fraternidad de Agrupaciones Santo Tom\u00e1s de Aquino","publisher":{"@id":"https:\/\/www.fasta.org\/fr\/#organization"},"potentialAction":[{"@type":"SearchAction","target":{"@type":"EntryPoint","urlTemplate":"https:\/\/www.fasta.org\/fr\/?s={search_term_string}"},"query-input":{"@type":"PropertyValueSpecification","valueRequired":true,"valueName":"search_term_string"}}],"inLanguage":"fr-FR"},{"@type":"Organization","@id":"https:\/\/www.fasta.org\/fr\/#organization","name":"Fasta","url":"https:\/\/www.fasta.org\/fr\/","logo":{"@type":"ImageObject","inLanguage":"fr-FR","@id":"https:\/\/www.fasta.org\/fr\/#\/schema\/logo\/image\/","url":"https:\/\/www.fasta.org\/wp-content\/uploads\/2021\/08\/Marca-Fasta.png","contentUrl":"https:\/\/www.fasta.org\/wp-content\/uploads\/2021\/08\/Marca-Fasta.png","width":1595,"height":644,"caption":"Fasta"},"image":{"@id":"https:\/\/www.fasta.org\/fr\/#\/schema\/logo\/image\/"},"sameAs":["https:\/\/www.facebook.com\/MovimientoFasta"]}]}},"_links":{"self":[{"href":"https:\/\/www.fasta.org\/fr\/wp-json\/wp\/v2\/contenido\/386743","targetHints":{"allow":["GET"]}}],"collection":[{"href":"https:\/\/www.fasta.org\/fr\/wp-json\/wp\/v2\/contenido"}],"about":[{"href":"https:\/\/www.fasta.org\/fr\/wp-json\/wp\/v2\/types\/contenido"}],"version-history":[{"count":4,"href":"https:\/\/www.fasta.org\/fr\/wp-json\/wp\/v2\/contenido\/386743\/revisions"}],"predecessor-version":[{"id":522485,"href":"https:\/\/www.fasta.org\/fr\/wp-json\/wp\/v2\/contenido\/386743\/revisions\/522485"}],"wp:featuredmedia":[{"embeddable":true,"href":"https:\/\/www.fasta.org\/fr\/wp-json\/wp\/v2\/media\/381186"}],"wp:attachment":[{"href":"https:\/\/www.fasta.org\/fr\/wp-json\/wp\/v2\/media?parent=386743"}],"wp:term":[{"taxonomy":"tipo-contenido","embeddable":true,"href":"https:\/\/www.fasta.org\/fr\/wp-json\/wp\/v2\/tipo-contenido?post=386743"},{"taxonomy":"historial","embeddable":true,"href":"https:\/\/www.fasta.org\/fr\/wp-json\/wp\/v2\/historial?post=386743"}],"curies":[{"name":"wp","href":"https:\/\/api.w.org\/{rel}","templated":true}]}}

<p>Estas reflexiones pueden acompañar y ayudar a la práctica ya incorporada a la vida espiritual de muchos fieles. El tiempo abarca el tiempo Ordinario después de Navidad, el tiempo de Cuaresma, Semana Santa, Pascua y el tiempo Ordinario a partir de Pentecostés.</p>

<!-- This site is optimized with the Yoast SEO plugin v27.4 - https://yoast.com/product/yoast-seo-wordpress/ -->
<title>Reflexiones sobre los textos de san Lucas - Fasta</title>
<meta name="robots" content="index, follow, max-snippet:-1, max-image-preview:large, max-video-preview:-1" />
<link rel="canonical" href="https://www.fasta.org/fr/contenido/reflexiones-sobre-los-textos-de-san-lucas/" />
<meta property="og:locale" content="fr_FR" />
<meta property="og:type" content="article" />
<meta property="og:title" content="Reflexiones sobre los textos de san Lucas - Fasta" />
<meta property="og:description" content="Estas reflexiones pueden acompañar y ayudar a la práctica ya incorporada a la vida espiritual de muchos fieles. El tiempo abarca el tiempo Ordinario después de Navidad, el tiempo de Cuaresma, Semana Santa, Pascua y el tiempo Ordinario a partir de Pentecostés." />
<meta property="og:url" content="https://www.fasta.org/fr/contenido/reflexiones-sobre-los-textos-de-san-lucas/" />
<meta property="og:site_name" content="Fasta" />
<meta property="article:publisher" content="https://www.facebook.com/MovimientoFasta" />
<meta property="article:modified_time" content="2025-10-23T14:51:32+00:00" />
<meta property="og:image" content="https://www.fasta.org/wp-content/uploads/2022/09/lucas-1.png" />
	<meta property="og:image:width" content="942" />
	<meta property="og:image:height" content="942" />
	<meta property="og:image:type" content="image/png" />
<meta name="twitter:card" content="summary_large_image" />
<meta name="twitter:label1" content="Durée de lecture estimée" />
	<meta name="twitter:data1" content="1 minute" />
<script type="application/ld+json" class="yoast-schema-graph">{"@context":"https:\/\/schema.org","@graph":[{"@type":"WebPage","@id":"https:\/\/www.fasta.org\/fr\/contenido\/reflexiones-sobre-los-textos-de-san-lucas\/","url":"https:\/\/www.fasta.org\/fr\/contenido\/reflexiones-sobre-los-textos-de-san-lucas\/","name":"Reflexiones sobre los textos de san Lucas - Fasta","isPartOf":{"@id":"https:\/\/www.fasta.org\/fr\/#website"},"primaryImageOfPage":{"@id":"https:\/\/www.fasta.org\/fr\/contenido\/reflexiones-sobre-los-textos-de-san-lucas\/#primaryimage"},"image":{"@id":"https:\/\/www.fasta.org\/fr\/contenido\/reflexiones-sobre-los-textos-de-san-lucas\/#primaryimage"},"thumbnailUrl":"https:\/\/www.fasta.org\/wp-content\/uploads\/2022\/09\/lucas-1.png","datePublished":"2022-10-04T13:46:23+00:00","dateModified":"2025-10-23T14:51:32+00:00","breadcrumb":{"@id":"https:\/\/www.fasta.org\/fr\/contenido\/reflexiones-sobre-los-textos-de-san-lucas\/#breadcrumb"},"inLanguage":"fr-FR","potentialAction":[{"@type":"ReadAction","target":["https:\/\/www.fasta.org\/fr\/contenido\/reflexiones-sobre-los-textos-de-san-lucas\/"]}]},{"@type":"ImageObject","inLanguage":"fr-FR","@id":"https:\/\/www.fasta.org\/fr\/contenido\/reflexiones-sobre-los-textos-de-san-lucas\/#primaryimage","url":"https:\/\/www.fasta.org\/wp-content\/uploads\/2022\/09\/lucas-1.png","contentUrl":"https:\/\/www.fasta.org\/wp-content\/uploads\/2022\/09\/lucas-1.png","width":942,"height":942},{"@type":"BreadcrumbList","@id":"https:\/\/www.fasta.org\/fr\/contenido\/reflexiones-sobre-los-textos-de-san-lucas\/#breadcrumb","itemListElement":[{"@type":"ListItem","position":1,"name":"Portada","item":"https:\/\/www.fasta.org\/fr\/"},{"@type":"ListItem","position":2,"name":"Contenido","item":"https:\/\/www.fasta.org\/fr\/contenido\/"},{"@type":"ListItem","position":3,"name":"Reflexiones sobre los textos de san Lucas"}]},{"@type":"WebSite","@id":"https:\/\/www.fasta.org\/fr\/#website","url":"https:\/\/www.fasta.org\/fr\/","name":"Fasta","description":"Fraternidad de Agrupaciones Santo Tomás de Aquino","publisher":{"@id":"https:\/\/www.fasta.org\/fr\/#organization"},"potentialAction":[{"@type":"SearchAction","target":{"@type":"EntryPoint","urlTemplate":"https:\/\/www.fasta.org\/fr\/?s={search_term_string}"},"query-input":{"@type":"PropertyValueSpecification","valueRequired":true,"valueName":"search_term_string"}}],"inLanguage":"fr-FR"},{"@type":"Organization","@id":"https:\/\/www.fasta.org\/fr\/#organization","name":"Fasta","url":"https:\/\/www.fasta.org\/fr\/","logo":{"@type":"ImageObject","inLanguage":"fr-FR","@id":"https:\/\/www.fasta.org\/fr\/#\/schema\/logo\/image\/","url":"https:\/\/www.fasta.org\/wp-content\/uploads\/2021\/08\/Marca-Fasta.png","contentUrl":"https:\/\/www.fasta.org\/wp-content\/uploads\/2021\/08\/Marca-Fasta.png","width":1595,"height":644,"caption":"Fasta"},"image":{"@id":"https:\/\/www.fasta.org\/fr\/#\/schema\/logo\/image\/"},"sameAs":["https:\/\/www.facebook.com\/MovimientoFasta"]}]}</script>
<!-- / Yoast SEO plugin. -->

Estas reflexiones pueden acompañar y ayudar a la práctica ya incorporada a la vida espiritual de muchos fieles. El tiempo abarca el tiempo Ordinario después de Navidad, el tiempo de Cuaresma, Semana Santa, Pascua y el tiempo Ordinario a partir de Pentecostés.

Fraternidad de Agrupaciones Santo Tomás de Aquino
