{"id":373749,"date":"2022-09-29T15:08:26","date_gmt":"2022-09-29T18:08:26","guid":{"rendered":"https:\/\/www.fasta.org\/?post_type=contenido&#038;p=373749"},"modified":"2025-10-23T11:31:09","modified_gmt":"2025-10-23T14:31:09","slug":"reflexiones-sobre-el-quehacer-politico-en-la-argentina-de-hoy","status":"publish","type":"contenido","link":"https:\/\/www.fasta.org\/fr\/contenido\/reflexiones-sobre-el-quehacer-politico-en-la-argentina-de-hoy\/","title":{"rendered":"Reflexiones sobre el quehacer pol\u00edtico en la Argentina de hoy"},"content":{"rendered":"","protected":false},"excerpt":{"rendered":"<p>Nos parece importante que nuestros milicianos, empe\u00f1ados en llevar adelante su formaci\u00f3n integral reflexionen sobre lo que podemos decir del quehacer pol\u00edtico en la Argentina de hoy, que, si bien ya hace m\u00e1s de diecis\u00e9is a\u00f1os que los obispos hicieron esta aclaraci\u00f3n, nos parece oportuno que sirva como objeto formativo de Fasta.<\/p>\n","protected":false},"featured_media":371131,"template":"","tipo-contenido":[95,147],"historial":[90],"class_list":["post-373749","contenido","type-contenido","status-publish","has-post-thumbnail","hentry","tipo-contenido-magisterio-fundador","tipo-contenido-mensajes-de-bolsillo","historial-publicado"],"acf":[],"yoast_head":"<!-- This site is optimized with the Yoast SEO plugin v27.4 - https:\/\/yoast.com\/product\/yoast-seo-wordpress\/ -->\n<title>Reflexiones sobre el quehacer pol\u00edtico en la Argentina de hoy - Fasta<\/title>\n<meta name=\"robots\" content=\"index, follow, max-snippet:-1, max-image-preview:large, max-video-preview:-1\" \/>\n<link rel=\"canonical\" href=\"https:\/\/www.fasta.org\/fr\/contenido\/reflexiones-sobre-el-quehacer-politico-en-la-argentina-de-hoy\/\" \/>\n<meta property=\"og:locale\" content=\"fr_FR\" \/>\n<meta property=\"og:type\" content=\"article\" \/>\n<meta property=\"og:title\" content=\"Reflexiones sobre el quehacer pol\u00edtico en la Argentina de hoy - Fasta\" \/>\n<meta property=\"og:description\" content=\"Nos parece importante que nuestros milicianos, empe\u00f1ados en llevar adelante su formaci\u00f3n integral reflexionen sobre lo que podemos decir del quehacer pol\u00edtico en la Argentina de hoy, que, si bien ya hace m\u00e1s de diecis\u00e9is a\u00f1os que los obispos hicieron esta aclaraci\u00f3n, nos parece oportuno que sirva como objeto formativo de Fasta.\" \/>\n<meta property=\"og:url\" content=\"https:\/\/www.fasta.org\/fr\/contenido\/reflexiones-sobre-el-quehacer-politico-en-la-argentina-de-hoy\/\" \/>\n<meta property=\"og:site_name\" content=\"Fasta\" \/>\n<meta property=\"article:publisher\" content=\"https:\/\/www.facebook.com\/MovimientoFasta\" \/>\n<meta property=\"article:modified_time\" content=\"2025-10-23T14:31:09+00:00\" \/>\n<meta property=\"og:image\" content=\"https:\/\/www.fasta.org\/wp-content\/uploads\/2022\/09\/reflex-quehacer-politico.png\" \/>\n\t<meta property=\"og:image:width\" content=\"942\" \/>\n\t<meta property=\"og:image:height\" content=\"942\" \/>\n\t<meta property=\"og:image:type\" content=\"image\/png\" \/>\n<meta name=\"twitter:card\" content=\"summary_large_image\" \/>\n<meta name=\"twitter:label1\" content=\"Dur\u00e9e de lecture estim\u00e9e\" \/>\n\t<meta name=\"twitter:data1\" content=\"1 minute\" \/>\n<script type=\"application\/ld+json\" class=\"yoast-schema-graph\">{\"@context\":\"https:\\\/\\\/schema.org\",\"@graph\":[{\"@type\":\"WebPage\",\"@id\":\"https:\\\/\\\/www.fasta.org\\\/fr\\\/contenido\\\/reflexiones-sobre-el-quehacer-politico-en-la-argentina-de-hoy\\\/\",\"url\":\"https:\\\/\\\/www.fasta.org\\\/fr\\\/contenido\\\/reflexiones-sobre-el-quehacer-politico-en-la-argentina-de-hoy\\\/\",\"name\":\"Reflexiones sobre el quehacer pol\u00edtico en la Argentina de hoy - Fasta\",\"isPartOf\":{\"@id\":\"https:\\\/\\\/www.fasta.org\\\/fr\\\/#website\"},\"primaryImageOfPage\":{\"@id\":\"https:\\\/\\\/www.fasta.org\\\/fr\\\/contenido\\\/reflexiones-sobre-el-quehacer-politico-en-la-argentina-de-hoy\\\/#primaryimage\"},\"image\":{\"@id\":\"https:\\\/\\\/www.fasta.org\\\/fr\\\/contenido\\\/reflexiones-sobre-el-quehacer-politico-en-la-argentina-de-hoy\\\/#primaryimage\"},\"thumbnailUrl\":\"https:\\\/\\\/www.fasta.org\\\/wp-content\\\/uploads\\\/2022\\\/09\\\/reflex-quehacer-politico.png\",\"datePublished\":\"2022-09-29T18:08:26+00:00\",\"dateModified\":\"2025-10-23T14:31:09+00:00\",\"breadcrumb\":{\"@id\":\"https:\\\/\\\/www.fasta.org\\\/fr\\\/contenido\\\/reflexiones-sobre-el-quehacer-politico-en-la-argentina-de-hoy\\\/#breadcrumb\"},\"inLanguage\":\"fr-FR\",\"potentialAction\":[{\"@type\":\"ReadAction\",\"target\":[\"https:\\\/\\\/www.fasta.org\\\/fr\\\/contenido\\\/reflexiones-sobre-el-quehacer-politico-en-la-argentina-de-hoy\\\/\"]}]},{\"@type\":\"ImageObject\",\"inLanguage\":\"fr-FR\",\"@id\":\"https:\\\/\\\/www.fasta.org\\\/fr\\\/contenido\\\/reflexiones-sobre-el-quehacer-politico-en-la-argentina-de-hoy\\\/#primaryimage\",\"url\":\"https:\\\/\\\/www.fasta.org\\\/wp-content\\\/uploads\\\/2022\\\/09\\\/reflex-quehacer-politico.png\",\"contentUrl\":\"https:\\\/\\\/www.fasta.org\\\/wp-content\\\/uploads\\\/2022\\\/09\\\/reflex-quehacer-politico.png\",\"width\":942,\"height\":942},{\"@type\":\"BreadcrumbList\",\"@id\":\"https:\\\/\\\/www.fasta.org\\\/fr\\\/contenido\\\/reflexiones-sobre-el-quehacer-politico-en-la-argentina-de-hoy\\\/#breadcrumb\",\"itemListElement\":[{\"@type\":\"ListItem\",\"position\":1,\"name\":\"Portada\",\"item\":\"https:\\\/\\\/www.fasta.org\\\/fr\\\/\"},{\"@type\":\"ListItem\",\"position\":2,\"name\":\"Contenido\",\"item\":\"https:\\\/\\\/www.fasta.org\\\/fr\\\/contenido\\\/\"},{\"@type\":\"ListItem\",\"position\":3,\"name\":\"Reflexiones sobre el quehacer pol\u00edtico en la Argentina de hoy\"}]},{\"@type\":\"WebSite\",\"@id\":\"https:\\\/\\\/www.fasta.org\\\/fr\\\/#website\",\"url\":\"https:\\\/\\\/www.fasta.org\\\/fr\\\/\",\"name\":\"Fasta\",\"description\":\"Fraternidad de Agrupaciones Santo Tom\u00e1s de Aquino\",\"publisher\":{\"@id\":\"https:\\\/\\\/www.fasta.org\\\/fr\\\/#organization\"},\"potentialAction\":[{\"@type\":\"SearchAction\",\"target\":{\"@type\":\"EntryPoint\",\"urlTemplate\":\"https:\\\/\\\/www.fasta.org\\\/fr\\\/?s={search_term_string}\"},\"query-input\":{\"@type\":\"PropertyValueSpecification\",\"valueRequired\":true,\"valueName\":\"search_term_string\"}}],\"inLanguage\":\"fr-FR\"},{\"@type\":\"Organization\",\"@id\":\"https:\\\/\\\/www.fasta.org\\\/fr\\\/#organization\",\"name\":\"Fasta\",\"url\":\"https:\\\/\\\/www.fasta.org\\\/fr\\\/\",\"logo\":{\"@type\":\"ImageObject\",\"inLanguage\":\"fr-FR\",\"@id\":\"https:\\\/\\\/www.fasta.org\\\/fr\\\/#\\\/schema\\\/logo\\\/image\\\/\",\"url\":\"https:\\\/\\\/www.fasta.org\\\/wp-content\\\/uploads\\\/2021\\\/08\\\/Marca-Fasta.png\",\"contentUrl\":\"https:\\\/\\\/www.fasta.org\\\/wp-content\\\/uploads\\\/2021\\\/08\\\/Marca-Fasta.png\",\"width\":1595,\"height\":644,\"caption\":\"Fasta\"},\"image\":{\"@id\":\"https:\\\/\\\/www.fasta.org\\\/fr\\\/#\\\/schema\\\/logo\\\/image\\\/\"},\"sameAs\":[\"https:\\\/\\\/www.facebook.com\\\/MovimientoFasta\"]}]}<\/script>\n<!-- \/ Yoast SEO plugin. -->","yoast_head_json":{"title":"Reflexiones sobre el quehacer pol\u00edtico en la Argentina de hoy - Fasta","robots":{"index":"index","follow":"follow","max-snippet":"max-snippet:-1","max-image-preview":"max-image-preview:large","max-video-preview":"max-video-preview:-1"},"canonical":"https:\/\/www.fasta.org\/fr\/contenido\/reflexiones-sobre-el-quehacer-politico-en-la-argentina-de-hoy\/","og_locale":"fr_FR","og_type":"article","og_title":"Reflexiones sobre el quehacer pol\u00edtico en la Argentina de hoy - Fasta","og_description":"Nos parece importante que nuestros milicianos, empe\u00f1ados en llevar adelante su formaci\u00f3n integral reflexionen sobre lo que podemos decir del quehacer pol\u00edtico en la Argentina de hoy, que, si bien ya hace m\u00e1s de diecis\u00e9is a\u00f1os que los obispos hicieron esta aclaraci\u00f3n, nos parece oportuno que sirva como objeto formativo de Fasta.","og_url":"https:\/\/www.fasta.org\/fr\/contenido\/reflexiones-sobre-el-quehacer-politico-en-la-argentina-de-hoy\/","og_site_name":"Fasta","article_publisher":"https:\/\/www.facebook.com\/MovimientoFasta","article_modified_time":"2025-10-23T14:31:09+00:00","og_image":[{"width":942,"height":942,"url":"https:\/\/www.fasta.org\/wp-content\/uploads\/2022\/09\/reflex-quehacer-politico.png","type":"image\/png"}],"twitter_card":"summary_large_image","twitter_misc":{"Dur\u00e9e de lecture estim\u00e9e":"1 minute"},"schema":{"@context":"https:\/\/schema.org","@graph":[{"@type":"WebPage","@id":"https:\/\/www.fasta.org\/fr\/contenido\/reflexiones-sobre-el-quehacer-politico-en-la-argentina-de-hoy\/","url":"https:\/\/www.fasta.org\/fr\/contenido\/reflexiones-sobre-el-quehacer-politico-en-la-argentina-de-hoy\/","name":"Reflexiones sobre el quehacer pol\u00edtico en la Argentina de hoy - Fasta","isPartOf":{"@id":"https:\/\/www.fasta.org\/fr\/#website"},"primaryImageOfPage":{"@id":"https:\/\/www.fasta.org\/fr\/contenido\/reflexiones-sobre-el-quehacer-politico-en-la-argentina-de-hoy\/#primaryimage"},"image":{"@id":"https:\/\/www.fasta.org\/fr\/contenido\/reflexiones-sobre-el-quehacer-politico-en-la-argentina-de-hoy\/#primaryimage"},"thumbnailUrl":"https:\/\/www.fasta.org\/wp-content\/uploads\/2022\/09\/reflex-quehacer-politico.png","datePublished":"2022-09-29T18:08:26+00:00","dateModified":"2025-10-23T14:31:09+00:00","breadcrumb":{"@id":"https:\/\/www.fasta.org\/fr\/contenido\/reflexiones-sobre-el-quehacer-politico-en-la-argentina-de-hoy\/#breadcrumb"},"inLanguage":"fr-FR","potentialAction":[{"@type":"ReadAction","target":["https:\/\/www.fasta.org\/fr\/contenido\/reflexiones-sobre-el-quehacer-politico-en-la-argentina-de-hoy\/"]}]},{"@type":"ImageObject","inLanguage":"fr-FR","@id":"https:\/\/www.fasta.org\/fr\/contenido\/reflexiones-sobre-el-quehacer-politico-en-la-argentina-de-hoy\/#primaryimage","url":"https:\/\/www.fasta.org\/wp-content\/uploads\/2022\/09\/reflex-quehacer-politico.png","contentUrl":"https:\/\/www.fasta.org\/wp-content\/uploads\/2022\/09\/reflex-quehacer-politico.png","width":942,"height":942},{"@type":"BreadcrumbList","@id":"https:\/\/www.fasta.org\/fr\/contenido\/reflexiones-sobre-el-quehacer-politico-en-la-argentina-de-hoy\/#breadcrumb","itemListElement":[{"@type":"ListItem","position":1,"name":"Portada","item":"https:\/\/www.fasta.org\/fr\/"},{"@type":"ListItem","position":2,"name":"Contenido","item":"https:\/\/www.fasta.org\/fr\/contenido\/"},{"@type":"ListItem","position":3,"name":"Reflexiones sobre el quehacer pol\u00edtico en la Argentina de hoy"}]},{"@type":"WebSite","@id":"https:\/\/www.fasta.org\/fr\/#website","url":"https:\/\/www.fasta.org\/fr\/","name":"Fasta","description":"Fraternidad de Agrupaciones Santo Tom\u00e1s de Aquino","publisher":{"@id":"https:\/\/www.fasta.org\/fr\/#organization"},"potentialAction":[{"@type":"SearchAction","target":{"@type":"EntryPoint","urlTemplate":"https:\/\/www.fasta.org\/fr\/?s={search_term_string}"},"query-input":{"@type":"PropertyValueSpecification","valueRequired":true,"valueName":"search_term_string"}}],"inLanguage":"fr-FR"},{"@type":"Organization","@id":"https:\/\/www.fasta.org\/fr\/#organization","name":"Fasta","url":"https:\/\/www.fasta.org\/fr\/","logo":{"@type":"ImageObject","inLanguage":"fr-FR","@id":"https:\/\/www.fasta.org\/fr\/#\/schema\/logo\/image\/","url":"https:\/\/www.fasta.org\/wp-content\/uploads\/2021\/08\/Marca-Fasta.png","contentUrl":"https:\/\/www.fasta.org\/wp-content\/uploads\/2021\/08\/Marca-Fasta.png","width":1595,"height":644,"caption":"Fasta"},"image":{"@id":"https:\/\/www.fasta.org\/fr\/#\/schema\/logo\/image\/"},"sameAs":["https:\/\/www.facebook.com\/MovimientoFasta"]}]}},"_links":{"self":[{"href":"https:\/\/www.fasta.org\/fr\/wp-json\/wp\/v2\/contenido\/373749","targetHints":{"allow":["GET"]}}],"collection":[{"href":"https:\/\/www.fasta.org\/fr\/wp-json\/wp\/v2\/contenido"}],"about":[{"href":"https:\/\/www.fasta.org\/fr\/wp-json\/wp\/v2\/types\/contenido"}],"version-history":[{"count":4,"href":"https:\/\/www.fasta.org\/fr\/wp-json\/wp\/v2\/contenido\/373749\/revisions"}],"predecessor-version":[{"id":522949,"href":"https:\/\/www.fasta.org\/fr\/wp-json\/wp\/v2\/contenido\/373749\/revisions\/522949"}],"wp:featuredmedia":[{"embeddable":true,"href":"https:\/\/www.fasta.org\/fr\/wp-json\/wp\/v2\/media\/371131"}],"wp:attachment":[{"href":"https:\/\/www.fasta.org\/fr\/wp-json\/wp\/v2\/media?parent=373749"}],"wp:term":[{"taxonomy":"tipo-contenido","embeddable":true,"href":"https:\/\/www.fasta.org\/fr\/wp-json\/wp\/v2\/tipo-contenido?post=373749"},{"taxonomy":"historial","embeddable":true,"href":"https:\/\/www.fasta.org\/fr\/wp-json\/wp\/v2\/historial?post=373749"}],"curies":[{"name":"wp","href":"https:\/\/api.w.org\/{rel}","templated":true}]}}

Reflexiones sobre el quehacer político en la Argentina de hoy

<p>Nos parece importante que nuestros milicianos, empeñados en llevar adelante su formación integral reflexionen sobre lo que podemos decir del quehacer político en la Argentina de hoy, que, si bien ya hace más de dieciséis años que los obispos hicieron esta aclaración, nos parece oportuno que sirva como objeto formativo de Fasta.</p>

<!-- This site is optimized with the Yoast SEO plugin v27.4 - https://yoast.com/product/yoast-seo-wordpress/ -->
<title>Reflexiones sobre el quehacer político en la Argentina de hoy - Fasta</title>
<meta name="robots" content="index, follow, max-snippet:-1, max-image-preview:large, max-video-preview:-1" />
<link rel="canonical" href="https://www.fasta.org/fr/contenido/reflexiones-sobre-el-quehacer-politico-en-la-argentina-de-hoy/" />
<meta property="og:locale" content="fr_FR" />
<meta property="og:type" content="article" />
<meta property="og:title" content="Reflexiones sobre el quehacer político en la Argentina de hoy - Fasta" />
<meta property="og:description" content="Nos parece importante que nuestros milicianos, empeñados en llevar adelante su formación integral reflexionen sobre lo que podemos decir del quehacer político en la Argentina de hoy, que, si bien ya hace más de dieciséis años que los obispos hicieron esta aclaración, nos parece oportuno que sirva como objeto formativo de Fasta." />
<meta property="og:url" content="https://www.fasta.org/fr/contenido/reflexiones-sobre-el-quehacer-politico-en-la-argentina-de-hoy/" />
<meta property="og:site_name" content="Fasta" />
<meta property="article:publisher" content="https://www.facebook.com/MovimientoFasta" />
<meta property="article:modified_time" content="2025-10-23T14:31:09+00:00" />
<meta property="og:image" content="https://www.fasta.org/wp-content/uploads/2022/09/reflex-quehacer-politico.png" />
	<meta property="og:image:width" content="942" />
	<meta property="og:image:height" content="942" />
	<meta property="og:image:type" content="image/png" />
<meta name="twitter:card" content="summary_large_image" />
<meta name="twitter:label1" content="Durée de lecture estimée" />
	<meta name="twitter:data1" content="1 minute" />
<script type="application/ld+json" class="yoast-schema-graph">{"@context":"https:\/\/schema.org","@graph":[{"@type":"WebPage","@id":"https:\/\/www.fasta.org\/fr\/contenido\/reflexiones-sobre-el-quehacer-politico-en-la-argentina-de-hoy\/","url":"https:\/\/www.fasta.org\/fr\/contenido\/reflexiones-sobre-el-quehacer-politico-en-la-argentina-de-hoy\/","name":"Reflexiones sobre el quehacer político en la Argentina de hoy - Fasta","isPartOf":{"@id":"https:\/\/www.fasta.org\/fr\/#website"},"primaryImageOfPage":{"@id":"https:\/\/www.fasta.org\/fr\/contenido\/reflexiones-sobre-el-quehacer-politico-en-la-argentina-de-hoy\/#primaryimage"},"image":{"@id":"https:\/\/www.fasta.org\/fr\/contenido\/reflexiones-sobre-el-quehacer-politico-en-la-argentina-de-hoy\/#primaryimage"},"thumbnailUrl":"https:\/\/www.fasta.org\/wp-content\/uploads\/2022\/09\/reflex-quehacer-politico.png","datePublished":"2022-09-29T18:08:26+00:00","dateModified":"2025-10-23T14:31:09+00:00","breadcrumb":{"@id":"https:\/\/www.fasta.org\/fr\/contenido\/reflexiones-sobre-el-quehacer-politico-en-la-argentina-de-hoy\/#breadcrumb"},"inLanguage":"fr-FR","potentialAction":[{"@type":"ReadAction","target":["https:\/\/www.fasta.org\/fr\/contenido\/reflexiones-sobre-el-quehacer-politico-en-la-argentina-de-hoy\/"]}]},{"@type":"ImageObject","inLanguage":"fr-FR","@id":"https:\/\/www.fasta.org\/fr\/contenido\/reflexiones-sobre-el-quehacer-politico-en-la-argentina-de-hoy\/#primaryimage","url":"https:\/\/www.fasta.org\/wp-content\/uploads\/2022\/09\/reflex-quehacer-politico.png","contentUrl":"https:\/\/www.fasta.org\/wp-content\/uploads\/2022\/09\/reflex-quehacer-politico.png","width":942,"height":942},{"@type":"BreadcrumbList","@id":"https:\/\/www.fasta.org\/fr\/contenido\/reflexiones-sobre-el-quehacer-politico-en-la-argentina-de-hoy\/#breadcrumb","itemListElement":[{"@type":"ListItem","position":1,"name":"Portada","item":"https:\/\/www.fasta.org\/fr\/"},{"@type":"ListItem","position":2,"name":"Contenido","item":"https:\/\/www.fasta.org\/fr\/contenido\/"},{"@type":"ListItem","position":3,"name":"Reflexiones sobre el quehacer político en la Argentina de hoy"}]},{"@type":"WebSite","@id":"https:\/\/www.fasta.org\/fr\/#website","url":"https:\/\/www.fasta.org\/fr\/","name":"Fasta","description":"Fraternidad de Agrupaciones Santo Tomás de Aquino","publisher":{"@id":"https:\/\/www.fasta.org\/fr\/#organization"},"potentialAction":[{"@type":"SearchAction","target":{"@type":"EntryPoint","urlTemplate":"https:\/\/www.fasta.org\/fr\/?s={search_term_string}"},"query-input":{"@type":"PropertyValueSpecification","valueRequired":true,"valueName":"search_term_string"}}],"inLanguage":"fr-FR"},{"@type":"Organization","@id":"https:\/\/www.fasta.org\/fr\/#organization","name":"Fasta","url":"https:\/\/www.fasta.org\/fr\/","logo":{"@type":"ImageObject","inLanguage":"fr-FR","@id":"https:\/\/www.fasta.org\/fr\/#\/schema\/logo\/image\/","url":"https:\/\/www.fasta.org\/wp-content\/uploads\/2021\/08\/Marca-Fasta.png","contentUrl":"https:\/\/www.fasta.org\/wp-content\/uploads\/2021\/08\/Marca-Fasta.png","width":1595,"height":644,"caption":"Fasta"},"image":{"@id":"https:\/\/www.fasta.org\/fr\/#\/schema\/logo\/image\/"},"sameAs":["https:\/\/www.facebook.com\/MovimientoFasta"]}]}</script>
<!-- / Yoast SEO plugin. -->

Reflexiones sobre el quehacer político en la Argentina de hoy - Fasta

Nos parece importante que nuestros milicianos, empeñados en llevar adelante su formación integral reflexionen sobre lo que podemos decir del quehacer político en la Argentina de hoy, que, si bien ya hace más de dieciséis años que los obispos hicieron esta aclaración, nos parece oportuno que sirva como objeto formativo de Fasta.

Fraternidad de Agrupaciones Santo Tomás de Aquino
