{"id":326944,"date":"2022-09-20T11:42:13","date_gmt":"2022-09-20T14:42:13","guid":{"rendered":"https:\/\/www.fasta.org\/?post_type=contenido&#038;p=326944"},"modified":"2023-02-09T15:13:22","modified_gmt":"2023-02-09T18:13:22","slug":"stabat-mater","status":"publish","type":"contenido","link":"https:\/\/www.fasta.org\/fr\/contenido\/stabat-mater\/","title":{"rendered":"Stabat Mater"},"content":{"rendered":"\n<p>El arte cuando est\u00e1 conectado con la liturgia, con la oraci\u00f3n, se convierte en una manifestaci\u00f3n visible de la Gloria Divina. La belleza en el arte nos ayuda a abrir el coraz\u00f3n y disponerlo para la oraci\u00f3n con Dios.<\/p>\n\n\n\n<p>El arte sacro tiene como fin la Gloria de Dios, nos prepara para recibir los frutos de la Gracia y eleva el alma y nos acerca a la belleza de la perfecci\u00f3n Divina.<\/p>\n\n\n\n<p>El <strong>Stabat Mater<\/strong> es una secuencia cat\u00f3lica del S XVIII atribuida al Papa Inocencio III y al franciscano Jacopone da Todi.&nbsp;<\/p>\n\n\n\n<p>Esta plegaria comienza con las palabras <em>\u201cEstaba la Madre dolorosa\u201d<\/em> y medita sobre el sufrimiento de la Virgen Mar\u00eda, durante la Pasi\u00f3n de nuestro Se\u00f1or. Muchos artistas y compositores se inspiraron para componer obras maravillosas.<\/p>\n\n\n\n<p>En esta oportunidad nos detendremos a escuchar y contemplar el <strong>Stabat Mater de&nbsp; Giovanni Battista Pergolesi <\/strong><strong>(1710 &#8211; 1736)<\/strong> quien fue un&nbsp; compositor italiano del per\u00edodo barroco.&nbsp;<\/p>\n\n\n\n<p>Pergolesi compuso esta obra musical con 26 a\u00f1os,&nbsp; durante las \u00faltimas semanas de vida, enfermo de tuberculosis, sabiendo que pod\u00eda morir y sin duda, impregnado de asistencia de lo alto. Lo hizo para la cofrad\u00eda laica de los Caballeros de la Virgen de los Dolores de San Luigi al Palazzo de N\u00e1poles para la celebraci\u00f3n de la Semana Santa.&nbsp;<\/p>\n\n\n\n<h5 class=\"wp-block-heading\"><strong>Detalles de la obra<\/strong><\/h5>\n\n\n\n<p>La obra fue pensada para dos voces (soprano y alto), cuerdas y bajo continuo.<\/p>\n\n\n\n<p>El uso magistral de las disonancias acompa\u00f1a a la perfecci\u00f3n las distintas partes del texto, apelando al sentido profundo del mismo, transmitiendo el dolor de la Madre. Nos eleva a ese plano de dolor profundo pero a la vez esperanzado en la promesa de la Resurrecci\u00f3n y nos permite enterrarnos en el misterio de los dolores de la Virgen.<\/p>\n\n\n\n<p>El Stabat Mater consta de 12 partes musicales, te invito a escuchar cinco de ellas acompa\u00f1adas por obras de arte de distintos artistas reconocidos junto a vers\u00edculos de la Biblia y frases de nuestro querido Padre Fundador, Fray An\u00edbal Fosbery.<\/p>\n","protected":false},"excerpt":{"rendered":"<p>Reflexi\u00f3n a partir de la obra musical\u00a0de Giovanni Battista Pergolesi.<\/p>\n","protected":false},"featured_media":325416,"template":"","tipo-contenido":[94],"historial":[90],"class_list":["post-326944","contenido","type-contenido","status-publish","has-post-thumbnail","hentry","tipo-contenido-musica","historial-publicado"],"acf":[],"yoast_head":"<!-- This site is optimized with the Yoast SEO plugin v27.4 - https:\/\/yoast.com\/product\/yoast-seo-wordpress\/ -->\n<title>Stabat Mater - Fasta<\/title>\n<meta name=\"robots\" content=\"index, follow, max-snippet:-1, max-image-preview:large, max-video-preview:-1\" \/>\n<link rel=\"canonical\" href=\"https:\/\/www.fasta.org\/fr\/contenido\/stabat-mater\/\" \/>\n<meta property=\"og:locale\" content=\"fr_FR\" \/>\n<meta property=\"og:type\" content=\"article\" \/>\n<meta property=\"og:title\" content=\"Stabat Mater - Fasta\" \/>\n<meta property=\"og:description\" content=\"Reflexi\u00f3n a partir de la obra musical\u00a0de Giovanni Battista Pergolesi.\" \/>\n<meta property=\"og:url\" content=\"https:\/\/www.fasta.org\/fr\/contenido\/stabat-mater\/\" \/>\n<meta property=\"og:site_name\" content=\"Fasta\" \/>\n<meta property=\"article:publisher\" content=\"https:\/\/www.facebook.com\/MovimientoFasta\" \/>\n<meta property=\"article:modified_time\" content=\"2023-02-09T18:13:22+00:00\" \/>\n<meta property=\"og:image\" content=\"https:\/\/www.fasta.org\/wp-content\/uploads\/2022\/09\/stabat-mater-vinilo.png\" \/>\n\t<meta property=\"og:image:width\" content=\"1589\" \/>\n\t<meta property=\"og:image:height\" content=\"1589\" \/>\n\t<meta property=\"og:image:type\" content=\"image\/png\" \/>\n<meta name=\"twitter:card\" content=\"summary_large_image\" \/>\n<meta name=\"twitter:label1\" content=\"Dur\u00e9e de lecture estim\u00e9e\" \/>\n\t<meta name=\"twitter:data1\" content=\"2 minutes\" \/>\n<script type=\"application\/ld+json\" class=\"yoast-schema-graph\">{\"@context\":\"https:\\\/\\\/schema.org\",\"@graph\":[{\"@type\":\"WebPage\",\"@id\":\"https:\\\/\\\/www.fasta.org\\\/fr\\\/contenido\\\/stabat-mater\\\/\",\"url\":\"https:\\\/\\\/www.fasta.org\\\/fr\\\/contenido\\\/stabat-mater\\\/\",\"name\":\"Stabat Mater - Fasta\",\"isPartOf\":{\"@id\":\"https:\\\/\\\/www.fasta.org\\\/fr\\\/#website\"},\"primaryImageOfPage\":{\"@id\":\"https:\\\/\\\/www.fasta.org\\\/fr\\\/contenido\\\/stabat-mater\\\/#primaryimage\"},\"image\":{\"@id\":\"https:\\\/\\\/www.fasta.org\\\/fr\\\/contenido\\\/stabat-mater\\\/#primaryimage\"},\"thumbnailUrl\":\"https:\\\/\\\/www.fasta.org\\\/wp-content\\\/uploads\\\/2022\\\/09\\\/stabat-mater-vinilo.png\",\"datePublished\":\"2022-09-20T14:42:13+00:00\",\"dateModified\":\"2023-02-09T18:13:22+00:00\",\"breadcrumb\":{\"@id\":\"https:\\\/\\\/www.fasta.org\\\/fr\\\/contenido\\\/stabat-mater\\\/#breadcrumb\"},\"inLanguage\":\"fr-FR\",\"potentialAction\":[{\"@type\":\"ReadAction\",\"target\":[\"https:\\\/\\\/www.fasta.org\\\/fr\\\/contenido\\\/stabat-mater\\\/\"]}]},{\"@type\":\"ImageObject\",\"inLanguage\":\"fr-FR\",\"@id\":\"https:\\\/\\\/www.fasta.org\\\/fr\\\/contenido\\\/stabat-mater\\\/#primaryimage\",\"url\":\"https:\\\/\\\/www.fasta.org\\\/wp-content\\\/uploads\\\/2022\\\/09\\\/stabat-mater-vinilo.png\",\"contentUrl\":\"https:\\\/\\\/www.fasta.org\\\/wp-content\\\/uploads\\\/2022\\\/09\\\/stabat-mater-vinilo.png\",\"width\":1589,\"height\":1589},{\"@type\":\"BreadcrumbList\",\"@id\":\"https:\\\/\\\/www.fasta.org\\\/fr\\\/contenido\\\/stabat-mater\\\/#breadcrumb\",\"itemListElement\":[{\"@type\":\"ListItem\",\"position\":1,\"name\":\"Portada\",\"item\":\"https:\\\/\\\/www.fasta.org\\\/fr\\\/\"},{\"@type\":\"ListItem\",\"position\":2,\"name\":\"Contenido\",\"item\":\"https:\\\/\\\/www.fasta.org\\\/fr\\\/contenido\\\/\"},{\"@type\":\"ListItem\",\"position\":3,\"name\":\"Stabat Mater\"}]},{\"@type\":\"WebSite\",\"@id\":\"https:\\\/\\\/www.fasta.org\\\/fr\\\/#website\",\"url\":\"https:\\\/\\\/www.fasta.org\\\/fr\\\/\",\"name\":\"Fasta\",\"description\":\"Fraternidad de Agrupaciones Santo Tom\u00e1s de Aquino\",\"publisher\":{\"@id\":\"https:\\\/\\\/www.fasta.org\\\/fr\\\/#organization\"},\"potentialAction\":[{\"@type\":\"SearchAction\",\"target\":{\"@type\":\"EntryPoint\",\"urlTemplate\":\"https:\\\/\\\/www.fasta.org\\\/fr\\\/?s={search_term_string}\"},\"query-input\":{\"@type\":\"PropertyValueSpecification\",\"valueRequired\":true,\"valueName\":\"search_term_string\"}}],\"inLanguage\":\"fr-FR\"},{\"@type\":\"Organization\",\"@id\":\"https:\\\/\\\/www.fasta.org\\\/fr\\\/#organization\",\"name\":\"Fasta\",\"url\":\"https:\\\/\\\/www.fasta.org\\\/fr\\\/\",\"logo\":{\"@type\":\"ImageObject\",\"inLanguage\":\"fr-FR\",\"@id\":\"https:\\\/\\\/www.fasta.org\\\/fr\\\/#\\\/schema\\\/logo\\\/image\\\/\",\"url\":\"https:\\\/\\\/www.fasta.org\\\/wp-content\\\/uploads\\\/2021\\\/08\\\/Marca-Fasta.png\",\"contentUrl\":\"https:\\\/\\\/www.fasta.org\\\/wp-content\\\/uploads\\\/2021\\\/08\\\/Marca-Fasta.png\",\"width\":1595,\"height\":644,\"caption\":\"Fasta\"},\"image\":{\"@id\":\"https:\\\/\\\/www.fasta.org\\\/fr\\\/#\\\/schema\\\/logo\\\/image\\\/\"},\"sameAs\":[\"https:\\\/\\\/www.facebook.com\\\/MovimientoFasta\"]}]}<\/script>\n<!-- \/ Yoast SEO plugin. -->","yoast_head_json":{"title":"Stabat Mater - Fasta","robots":{"index":"index","follow":"follow","max-snippet":"max-snippet:-1","max-image-preview":"max-image-preview:large","max-video-preview":"max-video-preview:-1"},"canonical":"https:\/\/www.fasta.org\/fr\/contenido\/stabat-mater\/","og_locale":"fr_FR","og_type":"article","og_title":"Stabat Mater - Fasta","og_description":"Reflexi\u00f3n a partir de la obra musical\u00a0de Giovanni Battista Pergolesi.","og_url":"https:\/\/www.fasta.org\/fr\/contenido\/stabat-mater\/","og_site_name":"Fasta","article_publisher":"https:\/\/www.facebook.com\/MovimientoFasta","article_modified_time":"2023-02-09T18:13:22+00:00","og_image":[{"width":1589,"height":1589,"url":"https:\/\/www.fasta.org\/wp-content\/uploads\/2022\/09\/stabat-mater-vinilo.png","type":"image\/png"}],"twitter_card":"summary_large_image","twitter_misc":{"Dur\u00e9e de lecture estim\u00e9e":"2 minutes"},"schema":{"@context":"https:\/\/schema.org","@graph":[{"@type":"WebPage","@id":"https:\/\/www.fasta.org\/fr\/contenido\/stabat-mater\/","url":"https:\/\/www.fasta.org\/fr\/contenido\/stabat-mater\/","name":"Stabat Mater - Fasta","isPartOf":{"@id":"https:\/\/www.fasta.org\/fr\/#website"},"primaryImageOfPage":{"@id":"https:\/\/www.fasta.org\/fr\/contenido\/stabat-mater\/#primaryimage"},"image":{"@id":"https:\/\/www.fasta.org\/fr\/contenido\/stabat-mater\/#primaryimage"},"thumbnailUrl":"https:\/\/www.fasta.org\/wp-content\/uploads\/2022\/09\/stabat-mater-vinilo.png","datePublished":"2022-09-20T14:42:13+00:00","dateModified":"2023-02-09T18:13:22+00:00","breadcrumb":{"@id":"https:\/\/www.fasta.org\/fr\/contenido\/stabat-mater\/#breadcrumb"},"inLanguage":"fr-FR","potentialAction":[{"@type":"ReadAction","target":["https:\/\/www.fasta.org\/fr\/contenido\/stabat-mater\/"]}]},{"@type":"ImageObject","inLanguage":"fr-FR","@id":"https:\/\/www.fasta.org\/fr\/contenido\/stabat-mater\/#primaryimage","url":"https:\/\/www.fasta.org\/wp-content\/uploads\/2022\/09\/stabat-mater-vinilo.png","contentUrl":"https:\/\/www.fasta.org\/wp-content\/uploads\/2022\/09\/stabat-mater-vinilo.png","width":1589,"height":1589},{"@type":"BreadcrumbList","@id":"https:\/\/www.fasta.org\/fr\/contenido\/stabat-mater\/#breadcrumb","itemListElement":[{"@type":"ListItem","position":1,"name":"Portada","item":"https:\/\/www.fasta.org\/fr\/"},{"@type":"ListItem","position":2,"name":"Contenido","item":"https:\/\/www.fasta.org\/fr\/contenido\/"},{"@type":"ListItem","position":3,"name":"Stabat Mater"}]},{"@type":"WebSite","@id":"https:\/\/www.fasta.org\/fr\/#website","url":"https:\/\/www.fasta.org\/fr\/","name":"Fasta","description":"Fraternidad de Agrupaciones Santo Tom\u00e1s de Aquino","publisher":{"@id":"https:\/\/www.fasta.org\/fr\/#organization"},"potentialAction":[{"@type":"SearchAction","target":{"@type":"EntryPoint","urlTemplate":"https:\/\/www.fasta.org\/fr\/?s={search_term_string}"},"query-input":{"@type":"PropertyValueSpecification","valueRequired":true,"valueName":"search_term_string"}}],"inLanguage":"fr-FR"},{"@type":"Organization","@id":"https:\/\/www.fasta.org\/fr\/#organization","name":"Fasta","url":"https:\/\/www.fasta.org\/fr\/","logo":{"@type":"ImageObject","inLanguage":"fr-FR","@id":"https:\/\/www.fasta.org\/fr\/#\/schema\/logo\/image\/","url":"https:\/\/www.fasta.org\/wp-content\/uploads\/2021\/08\/Marca-Fasta.png","contentUrl":"https:\/\/www.fasta.org\/wp-content\/uploads\/2021\/08\/Marca-Fasta.png","width":1595,"height":644,"caption":"Fasta"},"image":{"@id":"https:\/\/www.fasta.org\/fr\/#\/schema\/logo\/image\/"},"sameAs":["https:\/\/www.facebook.com\/MovimientoFasta"]}]}},"_links":{"self":[{"href":"https:\/\/www.fasta.org\/fr\/wp-json\/wp\/v2\/contenido\/326944","targetHints":{"allow":["GET"]}}],"collection":[{"href":"https:\/\/www.fasta.org\/fr\/wp-json\/wp\/v2\/contenido"}],"about":[{"href":"https:\/\/www.fasta.org\/fr\/wp-json\/wp\/v2\/types\/contenido"}],"version-history":[{"count":9,"href":"https:\/\/www.fasta.org\/fr\/wp-json\/wp\/v2\/contenido\/326944\/revisions"}],"predecessor-version":[{"id":517964,"href":"https:\/\/www.fasta.org\/fr\/wp-json\/wp\/v2\/contenido\/326944\/revisions\/517964"}],"wp:featuredmedia":[{"embeddable":true,"href":"https:\/\/www.fasta.org\/fr\/wp-json\/wp\/v2\/media\/325416"}],"wp:attachment":[{"href":"https:\/\/www.fasta.org\/fr\/wp-json\/wp\/v2\/media?parent=326944"}],"wp:term":[{"taxonomy":"tipo-contenido","embeddable":true,"href":"https:\/\/www.fasta.org\/fr\/wp-json\/wp\/v2\/tipo-contenido?post=326944"},{"taxonomy":"historial","embeddable":true,"href":"https:\/\/www.fasta.org\/fr\/wp-json\/wp\/v2\/historial?post=326944"}],"curies":[{"name":"wp","href":"https:\/\/api.w.org\/{rel}","templated":true}]}}

<p>El arte cuando está conectado con la liturgia, con la oración, se convierte en una manifestación visible de la Gloria Divina. La belleza en el arte nos ayuda a abrir el corazón y disponerlo para la oración con Dios.</p>



<p>El arte sacro tiene como fin la Gloria de Dios, nos prepara para recibir los frutos de la Gracia y eleva el alma y nos acerca a la belleza de la perfección Divina.</p>



<p>El <strong>Stabat Mater</strong> es una secuencia católica del S XVIII atribuida al Papa Inocencio III y al franciscano Jacopone da Todi.&nbsp;</p>



<p>Esta plegaria comienza con las palabras <em>“Estaba la Madre dolorosa”</em> y medita sobre el sufrimiento de la Virgen María, durante la Pasión de nuestro Señor. Muchos artistas y compositores se inspiraron para componer obras maravillosas.</p>



<p>En esta oportunidad nos detendremos a escuchar y contemplar el <strong>Stabat Mater de&nbsp; Giovanni Battista Pergolesi </strong><strong>(1710 &#8211; 1736)</strong> quien fue un&nbsp; compositor italiano del período barroco.&nbsp;</p>



<p>Pergolesi compuso esta obra musical con 26 años,&nbsp; durante las últimas semanas de vida, enfermo de tuberculosis, sabiendo que podía morir y sin duda, impregnado de asistencia de lo alto. Lo hizo para la cofradía laica de los Caballeros de la Virgen de los Dolores de San Luigi al Palazzo de Nápoles para la celebración de la Semana Santa.&nbsp;</p>



<h5 class="wp-block-heading"><strong>Detalles de la obra</strong></h5>



<p>La obra fue pensada para dos voces (soprano y alto), cuerdas y bajo continuo.</p>



<p>El uso magistral de las disonancias acompaña a la perfección las distintas partes del texto, apelando al sentido profundo del mismo, transmitiendo el dolor de la Madre. Nos eleva a ese plano de dolor profundo pero a la vez esperanzado en la promesa de la Resurrección y nos permite enterrarnos en el misterio de los dolores de la Virgen.</p>



<p>El Stabat Mater consta de 12 partes musicales, te invito a escuchar cinco de ellas acompañadas por obras de arte de distintos artistas reconocidos junto a versículos de la Biblia y frases de nuestro querido Padre Fundador, Fray Aníbal Fosbery.</p>

<p>Reflexión a partir de la obra musical de Giovanni Battista Pergolesi.</p>

<!-- This site is optimized with the Yoast SEO plugin v27.4 - https://yoast.com/product/yoast-seo-wordpress/ -->
<title>Stabat Mater - Fasta</title>
<meta name="robots" content="index, follow, max-snippet:-1, max-image-preview:large, max-video-preview:-1" />
<link rel="canonical" href="https://www.fasta.org/fr/contenido/stabat-mater/" />
<meta property="og:locale" content="fr_FR" />
<meta property="og:type" content="article" />
<meta property="og:title" content="Stabat Mater - Fasta" />
<meta property="og:description" content="Reflexión a partir de la obra musical de Giovanni Battista Pergolesi." />
<meta property="og:url" content="https://www.fasta.org/fr/contenido/stabat-mater/" />
<meta property="og:site_name" content="Fasta" />
<meta property="article:publisher" content="https://www.facebook.com/MovimientoFasta" />
<meta property="article:modified_time" content="2023-02-09T18:13:22+00:00" />
<meta property="og:image" content="https://www.fasta.org/wp-content/uploads/2022/09/stabat-mater-vinilo.png" />
	<meta property="og:image:width" content="1589" />
	<meta property="og:image:height" content="1589" />
	<meta property="og:image:type" content="image/png" />
<meta name="twitter:card" content="summary_large_image" />
<meta name="twitter:label1" content="Durée de lecture estimée" />
	<meta name="twitter:data1" content="2 minutes" />
<script type="application/ld+json" class="yoast-schema-graph">{"@context":"https:\/\/schema.org","@graph":[{"@type":"WebPage","@id":"https:\/\/www.fasta.org\/fr\/contenido\/stabat-mater\/","url":"https:\/\/www.fasta.org\/fr\/contenido\/stabat-mater\/","name":"Stabat Mater - Fasta","isPartOf":{"@id":"https:\/\/www.fasta.org\/fr\/#website"},"primaryImageOfPage":{"@id":"https:\/\/www.fasta.org\/fr\/contenido\/stabat-mater\/#primaryimage"},"image":{"@id":"https:\/\/www.fasta.org\/fr\/contenido\/stabat-mater\/#primaryimage"},"thumbnailUrl":"https:\/\/www.fasta.org\/wp-content\/uploads\/2022\/09\/stabat-mater-vinilo.png","datePublished":"2022-09-20T14:42:13+00:00","dateModified":"2023-02-09T18:13:22+00:00","breadcrumb":{"@id":"https:\/\/www.fasta.org\/fr\/contenido\/stabat-mater\/#breadcrumb"},"inLanguage":"fr-FR","potentialAction":[{"@type":"ReadAction","target":["https:\/\/www.fasta.org\/fr\/contenido\/stabat-mater\/"]}]},{"@type":"ImageObject","inLanguage":"fr-FR","@id":"https:\/\/www.fasta.org\/fr\/contenido\/stabat-mater\/#primaryimage","url":"https:\/\/www.fasta.org\/wp-content\/uploads\/2022\/09\/stabat-mater-vinilo.png","contentUrl":"https:\/\/www.fasta.org\/wp-content\/uploads\/2022\/09\/stabat-mater-vinilo.png","width":1589,"height":1589},{"@type":"BreadcrumbList","@id":"https:\/\/www.fasta.org\/fr\/contenido\/stabat-mater\/#breadcrumb","itemListElement":[{"@type":"ListItem","position":1,"name":"Portada","item":"https:\/\/www.fasta.org\/fr\/"},{"@type":"ListItem","position":2,"name":"Contenido","item":"https:\/\/www.fasta.org\/fr\/contenido\/"},{"@type":"ListItem","position":3,"name":"Stabat Mater"}]},{"@type":"WebSite","@id":"https:\/\/www.fasta.org\/fr\/#website","url":"https:\/\/www.fasta.org\/fr\/","name":"Fasta","description":"Fraternidad de Agrupaciones Santo Tomás de Aquino","publisher":{"@id":"https:\/\/www.fasta.org\/fr\/#organization"},"potentialAction":[{"@type":"SearchAction","target":{"@type":"EntryPoint","urlTemplate":"https:\/\/www.fasta.org\/fr\/?s={search_term_string}"},"query-input":{"@type":"PropertyValueSpecification","valueRequired":true,"valueName":"search_term_string"}}],"inLanguage":"fr-FR"},{"@type":"Organization","@id":"https:\/\/www.fasta.org\/fr\/#organization","name":"Fasta","url":"https:\/\/www.fasta.org\/fr\/","logo":{"@type":"ImageObject","inLanguage":"fr-FR","@id":"https:\/\/www.fasta.org\/fr\/#\/schema\/logo\/image\/","url":"https:\/\/www.fasta.org\/wp-content\/uploads\/2021\/08\/Marca-Fasta.png","contentUrl":"https:\/\/www.fasta.org\/wp-content\/uploads\/2021\/08\/Marca-Fasta.png","width":1595,"height":644,"caption":"Fasta"},"image":{"@id":"https:\/\/www.fasta.org\/fr\/#\/schema\/logo\/image\/"},"sameAs":["https:\/\/www.facebook.com\/MovimientoFasta"]}]}</script>
<!-- / Yoast SEO plugin. -->

Reflexión a partir de la obra musical de Giovanni Battista Pergolesi.

Fraternidad de Agrupaciones Santo Tomás de Aquino
