{"id":1023524,"date":"2024-03-04T12:12:38","date_gmt":"2024-03-04T15:12:38","guid":{"rendered":"https:\/\/www.fasta.org\/?post_type=contenido&#038;p=1023524"},"modified":"2024-03-06T14:44:41","modified_gmt":"2024-03-06T17:44:41","slug":"750-anos-de-la-muerte-de-santo-tomas-de-aquino","status":"publish","type":"contenido","link":"https:\/\/www.fasta.org\/fr\/contenido\/750-anos-de-la-muerte-de-santo-tomas-de-aquino\/","title":{"rendered":"750 a\u00f1os de la muerte de Santo Tom\u00e1s de Aquino"},"content":{"rendered":"","protected":false},"excerpt":{"rendered":"","protected":false},"featured_media":902904,"template":"","tipo-contenido":[160,161],"historial":[91],"class_list":["post-1023524","contenido","type-contenido","status-publish","has-post-thumbnail","hentry","tipo-contenido-espiritual","tipo-contenido-reflexion","historial-destacado"],"acf":[],"yoast_head":"<!-- This site is optimized with the Yoast SEO plugin v27.4 - https:\/\/yoast.com\/product\/yoast-seo-wordpress\/ -->\n<title>750 a\u00f1os de la muerte de Santo Tom\u00e1s de Aquino - Fasta<\/title>\n<meta name=\"description\" content=\"Se celebra el triple Jubileo por los 750 a\u00f1os de la muerte de Santo Tom\u00e1s de Aquino. Compartimos un espacio de oraci\u00f3n y reflexi\u00f3n.\" \/>\n<meta name=\"robots\" content=\"index, follow, max-snippet:-1, max-image-preview:large, max-video-preview:-1\" \/>\n<link rel=\"canonical\" href=\"https:\/\/www.fasta.org\/fr\/contenido\/750-anos-de-la-muerte-de-santo-tomas-de-aquino\/\" \/>\n<meta property=\"og:locale\" content=\"fr_FR\" \/>\n<meta property=\"og:type\" content=\"article\" \/>\n<meta property=\"og:title\" content=\"750 a\u00f1os de la muerte de Santo Tom\u00e1s de Aquino - Fasta\" \/>\n<meta property=\"og:description\" content=\"Se celebra el triple Jubileo por los 750 a\u00f1os de la muerte de Santo Tom\u00e1s de Aquino. Compartimos un espacio de oraci\u00f3n y reflexi\u00f3n.\" \/>\n<meta property=\"og:url\" content=\"https:\/\/www.fasta.org\/fr\/contenido\/750-anos-de-la-muerte-de-santo-tomas-de-aquino\/\" \/>\n<meta property=\"og:site_name\" content=\"Fasta\" \/>\n<meta property=\"article:publisher\" content=\"https:\/\/www.facebook.com\/MovimientoFasta\" \/>\n<meta property=\"article:modified_time\" content=\"2024-03-06T17:44:41+00:00\" \/>\n<meta property=\"og:image\" content=\"https:\/\/www.fasta.org\/wp-content\/uploads\/2023\/11\/portada-sobre-nosotros.png\" \/>\n\t<meta property=\"og:image:width\" content=\"1248\" \/>\n\t<meta property=\"og:image:height\" content=\"770\" \/>\n\t<meta property=\"og:image:type\" content=\"image\/png\" \/>\n<meta name=\"twitter:card\" content=\"summary_large_image\" \/>\n<meta name=\"twitter:label1\" content=\"Dur\u00e9e de lecture estim\u00e9e\" \/>\n\t<meta name=\"twitter:data1\" content=\"14 minutes\" \/>\n<script type=\"application\/ld+json\" class=\"yoast-schema-graph\">{\"@context\":\"https:\\\/\\\/schema.org\",\"@graph\":[{\"@type\":\"WebPage\",\"@id\":\"https:\\\/\\\/www.fasta.org\\\/fr\\\/contenido\\\/750-anos-de-la-muerte-de-santo-tomas-de-aquino\\\/\",\"url\":\"https:\\\/\\\/www.fasta.org\\\/fr\\\/contenido\\\/750-anos-de-la-muerte-de-santo-tomas-de-aquino\\\/\",\"name\":\"750 a\u00f1os de la muerte de Santo Tom\u00e1s de Aquino - Fasta\",\"isPartOf\":{\"@id\":\"https:\\\/\\\/www.fasta.org\\\/fr\\\/#website\"},\"primaryImageOfPage\":{\"@id\":\"https:\\\/\\\/www.fasta.org\\\/fr\\\/contenido\\\/750-anos-de-la-muerte-de-santo-tomas-de-aquino\\\/#primaryimage\"},\"image\":{\"@id\":\"https:\\\/\\\/www.fasta.org\\\/fr\\\/contenido\\\/750-anos-de-la-muerte-de-santo-tomas-de-aquino\\\/#primaryimage\"},\"thumbnailUrl\":\"https:\\\/\\\/www.fasta.org\\\/wp-content\\\/uploads\\\/2023\\\/11\\\/portada-sobre-nosotros.png\",\"datePublished\":\"2024-03-04T15:12:38+00:00\",\"dateModified\":\"2024-03-06T17:44:41+00:00\",\"description\":\"Se celebra el triple Jubileo por los 750 a\u00f1os de la muerte de Santo Tom\u00e1s de Aquino. Compartimos un espacio de oraci\u00f3n y reflexi\u00f3n.\",\"breadcrumb\":{\"@id\":\"https:\\\/\\\/www.fasta.org\\\/fr\\\/contenido\\\/750-anos-de-la-muerte-de-santo-tomas-de-aquino\\\/#breadcrumb\"},\"inLanguage\":\"fr-FR\",\"potentialAction\":[{\"@type\":\"ReadAction\",\"target\":[\"https:\\\/\\\/www.fasta.org\\\/fr\\\/contenido\\\/750-anos-de-la-muerte-de-santo-tomas-de-aquino\\\/\"]}]},{\"@type\":\"ImageObject\",\"inLanguage\":\"fr-FR\",\"@id\":\"https:\\\/\\\/www.fasta.org\\\/fr\\\/contenido\\\/750-anos-de-la-muerte-de-santo-tomas-de-aquino\\\/#primaryimage\",\"url\":\"https:\\\/\\\/www.fasta.org\\\/wp-content\\\/uploads\\\/2023\\\/11\\\/portada-sobre-nosotros.png\",\"contentUrl\":\"https:\\\/\\\/www.fasta.org\\\/wp-content\\\/uploads\\\/2023\\\/11\\\/portada-sobre-nosotros.png\",\"width\":1248,\"height\":770},{\"@type\":\"BreadcrumbList\",\"@id\":\"https:\\\/\\\/www.fasta.org\\\/fr\\\/contenido\\\/750-anos-de-la-muerte-de-santo-tomas-de-aquino\\\/#breadcrumb\",\"itemListElement\":[{\"@type\":\"ListItem\",\"position\":1,\"name\":\"Portada\",\"item\":\"https:\\\/\\\/www.fasta.org\\\/fr\\\/\"},{\"@type\":\"ListItem\",\"position\":2,\"name\":\"Contenido\",\"item\":\"https:\\\/\\\/www.fasta.org\\\/fr\\\/contenido\\\/\"},{\"@type\":\"ListItem\",\"position\":3,\"name\":\"750 a\u00f1os de la muerte de Santo Tom\u00e1s de Aquino\"}]},{\"@type\":\"WebSite\",\"@id\":\"https:\\\/\\\/www.fasta.org\\\/fr\\\/#website\",\"url\":\"https:\\\/\\\/www.fasta.org\\\/fr\\\/\",\"name\":\"Fasta\",\"description\":\"Fraternidad de Agrupaciones Santo Tom\u00e1s de Aquino\",\"publisher\":{\"@id\":\"https:\\\/\\\/www.fasta.org\\\/fr\\\/#organization\"},\"potentialAction\":[{\"@type\":\"SearchAction\",\"target\":{\"@type\":\"EntryPoint\",\"urlTemplate\":\"https:\\\/\\\/www.fasta.org\\\/fr\\\/?s={search_term_string}\"},\"query-input\":{\"@type\":\"PropertyValueSpecification\",\"valueRequired\":true,\"valueName\":\"search_term_string\"}}],\"inLanguage\":\"fr-FR\"},{\"@type\":\"Organization\",\"@id\":\"https:\\\/\\\/www.fasta.org\\\/fr\\\/#organization\",\"name\":\"Fasta\",\"url\":\"https:\\\/\\\/www.fasta.org\\\/fr\\\/\",\"logo\":{\"@type\":\"ImageObject\",\"inLanguage\":\"fr-FR\",\"@id\":\"https:\\\/\\\/www.fasta.org\\\/fr\\\/#\\\/schema\\\/logo\\\/image\\\/\",\"url\":\"https:\\\/\\\/www.fasta.org\\\/wp-content\\\/uploads\\\/2021\\\/08\\\/Marca-Fasta.png\",\"contentUrl\":\"https:\\\/\\\/www.fasta.org\\\/wp-content\\\/uploads\\\/2021\\\/08\\\/Marca-Fasta.png\",\"width\":1595,\"height\":644,\"caption\":\"Fasta\"},\"image\":{\"@id\":\"https:\\\/\\\/www.fasta.org\\\/fr\\\/#\\\/schema\\\/logo\\\/image\\\/\"},\"sameAs\":[\"https:\\\/\\\/www.facebook.com\\\/MovimientoFasta\"]}]}<\/script>\n<!-- \/ Yoast SEO plugin. -->","yoast_head_json":{"title":"750 a\u00f1os de la muerte de Santo Tom\u00e1s de Aquino - Fasta","description":"Se celebra el triple Jubileo por los 750 a\u00f1os de la muerte de Santo Tom\u00e1s de Aquino. Compartimos un espacio de oraci\u00f3n y reflexi\u00f3n.","robots":{"index":"index","follow":"follow","max-snippet":"max-snippet:-1","max-image-preview":"max-image-preview:large","max-video-preview":"max-video-preview:-1"},"canonical":"https:\/\/www.fasta.org\/fr\/contenido\/750-anos-de-la-muerte-de-santo-tomas-de-aquino\/","og_locale":"fr_FR","og_type":"article","og_title":"750 a\u00f1os de la muerte de Santo Tom\u00e1s de Aquino - Fasta","og_description":"Se celebra el triple Jubileo por los 750 a\u00f1os de la muerte de Santo Tom\u00e1s de Aquino. Compartimos un espacio de oraci\u00f3n y reflexi\u00f3n.","og_url":"https:\/\/www.fasta.org\/fr\/contenido\/750-anos-de-la-muerte-de-santo-tomas-de-aquino\/","og_site_name":"Fasta","article_publisher":"https:\/\/www.facebook.com\/MovimientoFasta","article_modified_time":"2024-03-06T17:44:41+00:00","og_image":[{"width":1248,"height":770,"url":"https:\/\/www.fasta.org\/wp-content\/uploads\/2023\/11\/portada-sobre-nosotros.png","type":"image\/png"}],"twitter_card":"summary_large_image","twitter_misc":{"Dur\u00e9e de lecture estim\u00e9e":"14 minutes"},"schema":{"@context":"https:\/\/schema.org","@graph":[{"@type":"WebPage","@id":"https:\/\/www.fasta.org\/fr\/contenido\/750-anos-de-la-muerte-de-santo-tomas-de-aquino\/","url":"https:\/\/www.fasta.org\/fr\/contenido\/750-anos-de-la-muerte-de-santo-tomas-de-aquino\/","name":"750 a\u00f1os de la muerte de Santo Tom\u00e1s de Aquino - Fasta","isPartOf":{"@id":"https:\/\/www.fasta.org\/fr\/#website"},"primaryImageOfPage":{"@id":"https:\/\/www.fasta.org\/fr\/contenido\/750-anos-de-la-muerte-de-santo-tomas-de-aquino\/#primaryimage"},"image":{"@id":"https:\/\/www.fasta.org\/fr\/contenido\/750-anos-de-la-muerte-de-santo-tomas-de-aquino\/#primaryimage"},"thumbnailUrl":"https:\/\/www.fasta.org\/wp-content\/uploads\/2023\/11\/portada-sobre-nosotros.png","datePublished":"2024-03-04T15:12:38+00:00","dateModified":"2024-03-06T17:44:41+00:00","description":"Se celebra el triple Jubileo por los 750 a\u00f1os de la muerte de Santo Tom\u00e1s de Aquino. Compartimos un espacio de oraci\u00f3n y reflexi\u00f3n.","breadcrumb":{"@id":"https:\/\/www.fasta.org\/fr\/contenido\/750-anos-de-la-muerte-de-santo-tomas-de-aquino\/#breadcrumb"},"inLanguage":"fr-FR","potentialAction":[{"@type":"ReadAction","target":["https:\/\/www.fasta.org\/fr\/contenido\/750-anos-de-la-muerte-de-santo-tomas-de-aquino\/"]}]},{"@type":"ImageObject","inLanguage":"fr-FR","@id":"https:\/\/www.fasta.org\/fr\/contenido\/750-anos-de-la-muerte-de-santo-tomas-de-aquino\/#primaryimage","url":"https:\/\/www.fasta.org\/wp-content\/uploads\/2023\/11\/portada-sobre-nosotros.png","contentUrl":"https:\/\/www.fasta.org\/wp-content\/uploads\/2023\/11\/portada-sobre-nosotros.png","width":1248,"height":770},{"@type":"BreadcrumbList","@id":"https:\/\/www.fasta.org\/fr\/contenido\/750-anos-de-la-muerte-de-santo-tomas-de-aquino\/#breadcrumb","itemListElement":[{"@type":"ListItem","position":1,"name":"Portada","item":"https:\/\/www.fasta.org\/fr\/"},{"@type":"ListItem","position":2,"name":"Contenido","item":"https:\/\/www.fasta.org\/fr\/contenido\/"},{"@type":"ListItem","position":3,"name":"750 a\u00f1os de la muerte de Santo Tom\u00e1s de Aquino"}]},{"@type":"WebSite","@id":"https:\/\/www.fasta.org\/fr\/#website","url":"https:\/\/www.fasta.org\/fr\/","name":"Fasta","description":"Fraternidad de Agrupaciones Santo Tom\u00e1s de Aquino","publisher":{"@id":"https:\/\/www.fasta.org\/fr\/#organization"},"potentialAction":[{"@type":"SearchAction","target":{"@type":"EntryPoint","urlTemplate":"https:\/\/www.fasta.org\/fr\/?s={search_term_string}"},"query-input":{"@type":"PropertyValueSpecification","valueRequired":true,"valueName":"search_term_string"}}],"inLanguage":"fr-FR"},{"@type":"Organization","@id":"https:\/\/www.fasta.org\/fr\/#organization","name":"Fasta","url":"https:\/\/www.fasta.org\/fr\/","logo":{"@type":"ImageObject","inLanguage":"fr-FR","@id":"https:\/\/www.fasta.org\/fr\/#\/schema\/logo\/image\/","url":"https:\/\/www.fasta.org\/wp-content\/uploads\/2021\/08\/Marca-Fasta.png","contentUrl":"https:\/\/www.fasta.org\/wp-content\/uploads\/2021\/08\/Marca-Fasta.png","width":1595,"height":644,"caption":"Fasta"},"image":{"@id":"https:\/\/www.fasta.org\/fr\/#\/schema\/logo\/image\/"},"sameAs":["https:\/\/www.facebook.com\/MovimientoFasta"]}]}},"_links":{"self":[{"href":"https:\/\/www.fasta.org\/fr\/wp-json\/wp\/v2\/contenido\/1023524","targetHints":{"allow":["GET"]}}],"collection":[{"href":"https:\/\/www.fasta.org\/fr\/wp-json\/wp\/v2\/contenido"}],"about":[{"href":"https:\/\/www.fasta.org\/fr\/wp-json\/wp\/v2\/types\/contenido"}],"version-history":[{"count":1,"href":"https:\/\/www.fasta.org\/fr\/wp-json\/wp\/v2\/contenido\/1023524\/revisions"}],"predecessor-version":[{"id":1023593,"href":"https:\/\/www.fasta.org\/fr\/wp-json\/wp\/v2\/contenido\/1023524\/revisions\/1023593"}],"wp:featuredmedia":[{"embeddable":true,"href":"https:\/\/www.fasta.org\/fr\/wp-json\/wp\/v2\/media\/902904"}],"wp:attachment":[{"href":"https:\/\/www.fasta.org\/fr\/wp-json\/wp\/v2\/media?parent=1023524"}],"wp:term":[{"taxonomy":"tipo-contenido","embeddable":true,"href":"https:\/\/www.fasta.org\/fr\/wp-json\/wp\/v2\/tipo-contenido?post=1023524"},{"taxonomy":"historial","embeddable":true,"href":"https:\/\/www.fasta.org\/fr\/wp-json\/wp\/v2\/historial?post=1023524"}],"curies":[{"name":"wp","href":"https:\/\/api.w.org\/{rel}","templated":true}]}}

750 años de la muerte de Santo Tomás de Aquino

<!-- This site is optimized with the Yoast SEO plugin v27.4 - https://yoast.com/product/yoast-seo-wordpress/ -->
<title>750 años de la muerte de Santo Tomás de Aquino - Fasta</title>
<meta name="description" content="Se celebra el triple Jubileo por los 750 años de la muerte de Santo Tomás de Aquino. Compartimos un espacio de oración y reflexión." />
<meta name="robots" content="index, follow, max-snippet:-1, max-image-preview:large, max-video-preview:-1" />
<link rel="canonical" href="https://www.fasta.org/fr/contenido/750-anos-de-la-muerte-de-santo-tomas-de-aquino/" />
<meta property="og:locale" content="fr_FR" />
<meta property="og:type" content="article" />
<meta property="og:title" content="750 años de la muerte de Santo Tomás de Aquino - Fasta" />
<meta property="og:description" content="Se celebra el triple Jubileo por los 750 años de la muerte de Santo Tomás de Aquino. Compartimos un espacio de oración y reflexión." />
<meta property="og:url" content="https://www.fasta.org/fr/contenido/750-anos-de-la-muerte-de-santo-tomas-de-aquino/" />
<meta property="og:site_name" content="Fasta" />
<meta property="article:publisher" content="https://www.facebook.com/MovimientoFasta" />
<meta property="article:modified_time" content="2024-03-06T17:44:41+00:00" />
<meta property="og:image" content="https://www.fasta.org/wp-content/uploads/2023/11/portada-sobre-nosotros.png" />
	<meta property="og:image:width" content="1248" />
	<meta property="og:image:height" content="770" />
	<meta property="og:image:type" content="image/png" />
<meta name="twitter:card" content="summary_large_image" />
<meta name="twitter:label1" content="Durée de lecture estimée" />
	<meta name="twitter:data1" content="14 minutes" />
<script type="application/ld+json" class="yoast-schema-graph">{"@context":"https:\/\/schema.org","@graph":[{"@type":"WebPage","@id":"https:\/\/www.fasta.org\/fr\/contenido\/750-anos-de-la-muerte-de-santo-tomas-de-aquino\/","url":"https:\/\/www.fasta.org\/fr\/contenido\/750-anos-de-la-muerte-de-santo-tomas-de-aquino\/","name":"750 años de la muerte de Santo Tomás de Aquino - Fasta","isPartOf":{"@id":"https:\/\/www.fasta.org\/fr\/#website"},"primaryImageOfPage":{"@id":"https:\/\/www.fasta.org\/fr\/contenido\/750-anos-de-la-muerte-de-santo-tomas-de-aquino\/#primaryimage"},"image":{"@id":"https:\/\/www.fasta.org\/fr\/contenido\/750-anos-de-la-muerte-de-santo-tomas-de-aquino\/#primaryimage"},"thumbnailUrl":"https:\/\/www.fasta.org\/wp-content\/uploads\/2023\/11\/portada-sobre-nosotros.png","datePublished":"2024-03-04T15:12:38+00:00","dateModified":"2024-03-06T17:44:41+00:00","description":"Se celebra el triple Jubileo por los 750 años de la muerte de Santo Tomás de Aquino. Compartimos un espacio de oración y reflexión.","breadcrumb":{"@id":"https:\/\/www.fasta.org\/fr\/contenido\/750-anos-de-la-muerte-de-santo-tomas-de-aquino\/#breadcrumb"},"inLanguage":"fr-FR","potentialAction":[{"@type":"ReadAction","target":["https:\/\/www.fasta.org\/fr\/contenido\/750-anos-de-la-muerte-de-santo-tomas-de-aquino\/"]}]},{"@type":"ImageObject","inLanguage":"fr-FR","@id":"https:\/\/www.fasta.org\/fr\/contenido\/750-anos-de-la-muerte-de-santo-tomas-de-aquino\/#primaryimage","url":"https:\/\/www.fasta.org\/wp-content\/uploads\/2023\/11\/portada-sobre-nosotros.png","contentUrl":"https:\/\/www.fasta.org\/wp-content\/uploads\/2023\/11\/portada-sobre-nosotros.png","width":1248,"height":770},{"@type":"BreadcrumbList","@id":"https:\/\/www.fasta.org\/fr\/contenido\/750-anos-de-la-muerte-de-santo-tomas-de-aquino\/#breadcrumb","itemListElement":[{"@type":"ListItem","position":1,"name":"Portada","item":"https:\/\/www.fasta.org\/fr\/"},{"@type":"ListItem","position":2,"name":"Contenido","item":"https:\/\/www.fasta.org\/fr\/contenido\/"},{"@type":"ListItem","position":3,"name":"750 años de la muerte de Santo Tomás de Aquino"}]},{"@type":"WebSite","@id":"https:\/\/www.fasta.org\/fr\/#website","url":"https:\/\/www.fasta.org\/fr\/","name":"Fasta","description":"Fraternidad de Agrupaciones Santo Tomás de Aquino","publisher":{"@id":"https:\/\/www.fasta.org\/fr\/#organization"},"potentialAction":[{"@type":"SearchAction","target":{"@type":"EntryPoint","urlTemplate":"https:\/\/www.fasta.org\/fr\/?s={search_term_string}"},"query-input":{"@type":"PropertyValueSpecification","valueRequired":true,"valueName":"search_term_string"}}],"inLanguage":"fr-FR"},{"@type":"Organization","@id":"https:\/\/www.fasta.org\/fr\/#organization","name":"Fasta","url":"https:\/\/www.fasta.org\/fr\/","logo":{"@type":"ImageObject","inLanguage":"fr-FR","@id":"https:\/\/www.fasta.org\/fr\/#\/schema\/logo\/image\/","url":"https:\/\/www.fasta.org\/wp-content\/uploads\/2021\/08\/Marca-Fasta.png","contentUrl":"https:\/\/www.fasta.org\/wp-content\/uploads\/2021\/08\/Marca-Fasta.png","width":1595,"height":644,"caption":"Fasta"},"image":{"@id":"https:\/\/www.fasta.org\/fr\/#\/schema\/logo\/image\/"},"sameAs":["https:\/\/www.facebook.com\/MovimientoFasta"]}]}</script>
<!-- / Yoast SEO plugin. -->

750 años de la muerte de Santo Tomás de Aquino - Fasta

Se celebra el triple Jubileo por los 750 años de la muerte de Santo Tomás de Aquino. Compartimos un espacio de oración y reflexión.

Fraternidad de Agrupaciones Santo Tomás de Aquino
