{"version":"1.0","provider_name":"Fasta","provider_url":"https:\/\/www.fasta.org\/fr\/","author_name":"Manuela Canzobre","author_url":"https:\/\/www.fasta.org\/fr\/","title":"Se realizar\u00e1 una nueva Junta de Presidentes Jurisdiccionales - Fasta","type":"rich","width":600,"height":338,"html":"<blockquote class=\"wp-embedded-content\" data-secret=\"u2AfvD9uQw\"><a href=\"https:\/\/www.fasta.org\/fr\/noticias\/se-realizara-una-nueva-junta-de-presidentes-jurisdiccionales\/\">Se realizar\u00e1 una nueva Junta de Presidentes Jurisdiccionales<\/a><\/blockquote><iframe sandbox=\"allow-scripts\" security=\"restricted\" src=\"https:\/\/www.fasta.org\/fr\/noticias\/se-realizara-una-nueva-junta-de-presidentes-jurisdiccionales\/embed\/#?secret=u2AfvD9uQw\" width=\"600\" height=\"338\" title=\"\u00ab\u00a0Se realizar\u00e1 una nueva Junta de Presidentes Jurisdiccionales\u00a0\u00bb &#8212; Fasta\" data-secret=\"u2AfvD9uQw\" frameborder=\"0\" marginwidth=\"0\" marginheight=\"0\" scrolling=\"no\" class=\"wp-embedded-content\"><\/iframe><script>\n\/*! This file is auto-generated *\/\n!function(d,l){\"use strict\";l.querySelector&&d.addEventListener&&\"undefined\"!=typeof URL&&(d.wp=d.wp||{},d.wp.receiveEmbedMessage||(d.wp.receiveEmbedMessage=function(e){var t=e.data;if((t||t.secret||t.message||t.value)&&!\/[^a-zA-Z0-9]\/.test(t.secret)){for(var s,r,n,a=l.querySelectorAll('iframe[data-secret=\"'+t.secret+'\"]'),o=l.querySelectorAll('blockquote[data-secret=\"'+t.secret+'\"]'),c=new RegExp(\"^https?:$\",\"i\"),i=0;i<o.length;i++)o[i].style.display=\"none\";for(i=0;i<a.length;i++)s=a[i],e.source===s.contentWindow&&(s.removeAttribute(\"style\"),\"height\"===t.message?(1e3<(r=parseInt(t.value,10))?r=1e3:~~r<200&&(r=200),s.height=r):\"link\"===t.message&&(r=new URL(s.getAttribute(\"src\")),n=new URL(t.value),c.test(n.protocol))&&n.host===r.host&&l.activeElement===s&&(d.top.location.href=t.value))}},d.addEventListener(\"message\",d.wp.receiveEmbedMessage,!1),l.addEventListener(\"DOMContentLoaded\",function(){for(var e,t,s=l.querySelectorAll(\"iframe.wp-embedded-content\"),r=0;r<s.length;r++)(t=(e=s[r]).getAttribute(\"data-secret\"))||(t=Math.random().toString(36).substring(2,12),e.src+=\"#?secret=\"+t,e.setAttribute(\"data-secret\",t)),e.contentWindow.postMessage({message:\"ready\",secret:t},\"*\")},!1)))}(window,document);\n\/\/# sourceURL=https:\/\/www.fasta.org\/wp-includes\/js\/wp-embed.min.js\n<\/script>\n","thumbnail_url":"https:\/\/www.fasta.org\/wp-content\/uploads\/2026\/03\/Fotos-InfoCiudad-46.webp","thumbnail_width":1500,"thumbnail_height":700,"description":"La Direcci\u00f3n Nacional del Movimiento de Argentina realizar\u00e1 el 10, 11 y 12 de abril la Junta de Presidentes Jurisdiccionales en la Casa de Mar\u00eda, ubicada en Luj\u00e1n, Provincia de Buenos Aires. El Director Nacional del Movimiento explic\u00f3 que \u201cesta Junta busca dar continuidad al camino iniciado en la \u00faltima Junta Ampliada que se hizo [&hellip;]"}

Se realizará una nueva Junta de Presidentes Jurisdiccionales - Fasta

<blockquote class="wp-embedded-content" data-secret="u2AfvD9uQw"><a href="https://www.fasta.org/fr/noticias/se-realizara-una-nueva-junta-de-presidentes-jurisdiccionales/">Se realizará una nueva Junta de Presidentes Jurisdiccionales</a></blockquote><iframe sandbox="allow-scripts" security="restricted" src="https://www.fasta.org/fr/noticias/se-realizara-una-nueva-junta-de-presidentes-jurisdiccionales/embed/#?secret=u2AfvD9uQw" width="600" height="338" title="« Se realizará una nueva Junta de Presidentes Jurisdiccionales » &#8212; Fasta" data-secret="u2AfvD9uQw" frameborder="0" marginwidth="0" marginheight="0" scrolling="no" class="wp-embedded-content"></iframe><script>
/*! This file is auto-generated */
!function(d,l){"use strict";l.querySelector&&d.addEventListener&&"undefined"!=typeof URL&&(d.wp=d.wp||{},d.wp.receiveEmbedMessage||(d.wp.receiveEmbedMessage=function(e){var t=e.data;if((t||t.secret||t.message||t.value)&&!/[^a-zA-Z0-9]/.test(t.secret)){for(var s,r,n,a=l.querySelectorAll('iframe[data-secret="'+t.secret+'"]'),o=l.querySelectorAll('blockquote[data-secret="'+t.secret+'"]'),c=new RegExp("^https?:$","i"),i=0;i<o.length;i++)o[i].style.display="none";for(i=0;i<a.length;i++)s=a[i],e.source===s.contentWindow&&(s.removeAttribute("style"),"height"===t.message?(1e3<(r=parseInt(t.value,10))?r=1e3:~~r<200&&(r=200),s.height=r):"link"===t.message&&(r=new URL(s.getAttribute("src")),n=new URL(t.value),c.test(n.protocol))&&n.host===r.host&&l.activeElement===s&&(d.top.location.href=t.value))}},d.addEventListener("message",d.wp.receiveEmbedMessage,!1),l.addEventListener("DOMContentLoaded",function(){for(var e,t,s=l.querySelectorAll("iframe.wp-embedded-content"),r=0;r<s.length;r++)(t=(e=s[r]).getAttribute("data-secret"))||(t=Math.random().toString(36).substring(2,12),e.src+="#?secret="+t,e.setAttribute("data-secret",t)),e.contentWindow.postMessage({message:"ready",secret:t},"*")},!1)))}(window,document);
//# sourceURL=https://www.fasta.org/wp-includes/js/wp-embed.min.js
</script>

La Dirección Nacional del Movimiento de Argentina realizará el 10, 11 y 12 de abril la Junta de Presidentes Jurisdiccionales en la Casa de María, ubicada en Luján, Provincia de Buenos Aires. El Director Nacional del Movimiento explicó que “esta Junta busca dar continuidad al camino iniciado en la última Junta Ampliada que se hizo [&hellip;]
